000
CXUS51 KOKX 011414
CLSBDR

NYCCLMBDR 000
TTAA00 KOKX 011412


CLIMATE REPORT
NATIONAL WEATHER SERVICE NEW YORK NY
911 AM EST FRI MAR 1 2019

...................................

...THE BRIDGEPORT CT CLIMATE SUMMARY FOR THE SEASON, FROM
12/1/2018 TO 2/28/2019...

CLIMATE NORMAL PERIOD 1981 TO 2010
CLIMATE RECORD PERIOD 1948 TO 2019

WEATHER         OBSERVED          NORMAL  DEPART  LAST YEAR`S
                 VALUE   DATE(S)  VALUE   FROM    VALUE
                                          NORMAL
.............................................................
TEMPERATURE (F)
RECORD
 HIGH              76   12/07/1998
 LOW               -7   01/22/1984
HIGHEST            62   12/21        MM      MM
LOWEST              3   01/31        MM      MM
AVG. MAXIMUM     41.3              39.7     1.6
AVG. MINIMUM     27.1              25.5     1.6
MEAN             34.2              32.6     1.6
DAYS MAX >= 90      0               0.0     0.0
DAYS MAX <= 32      7              17.2   -10.2
DAYS MIN <= 32     68              67.4     0.6
DAYS MIN <= 0       0               0.3    -0.3

PRECIPITATION (INCHES)
RECORD
 MAXIMUM        19.61   1979
 MINIMUM         4.33   1980
TOTALS          13.57              9.22    4.35    10.62
DAILY AVG.       0.15              0.10    0.05
DAYS >= .01        31              31.7    -0.7
DAYS >= .10        21              18.9     2.1
DAYS >= .50        11               6.2     4.8
DAYS >= 1.00        5               1.7     3.3
GREATEST
 24 HR. TOTAL    1.82   MM
 STORM TOTAL       MM
 (MM/DD(HH))            MM

SNOWFALL (INCHES)
RECORDS
 TOTAL           58.7   2011
 24 HR TOTAL     18.5   MM
TOTALS            5.3              20.9   -15.6
 LIQUID EQUIV    0.53              2.10   -1.57
SINCE 7/1        11.1              21.6   -10.5
 LIQUID 7/1      1.11
DAYS >= TRACE      14              11.4     2.6
DAYS >= 1.0         2               5.9    -3.9
GREATEST
 SNOW DEPTH         2   02/21
                        02/13
 24 HR TOTAL      1.8   MM
 STORM TOTAL       MM
 (MM/DD(HH))            MM

DEGREE_DAYS
HEATING TOTAL    2746              2914    -168
 SINCE 7/1         MM              3887      MM
COOLING TOTAL       0                 0       0
 SINCE 1/1          0                 0       0
..............................................................

WIND (MPH)
AVERAGE WIND SPEED              9.0
HIGHEST WIND SPEED/DIRECTION    39/210    DATE  01/24
HIGHEST GUST SPEED/DIRECTION    51/290    DATE  02/25

SKY COVER
POSSIBLE SUNSHINE (PERCENT)   MM
AVERAGE SKY COVER           0.40
NUMBER OF DAYS FAIR           43
NUMBER OF DAYS PC             27
NUMBER OF DAYS CLOUDY         20

AVERAGE RH (PERCENT)     63

WEATHER CONDITIONS. NUMBER OF DAYS WITH
  0
 19
  5
  0
  1
  0
  8
HAZE                      6

-  INDICATES NEGATIVE NUMBERS.
R  INDICATES RECORD WAS SET OR TIED.
MM INDICATES DATA IS MISSING.
T  INDICATES TRACE AMOUNT.

$$
