000
CXUS51 KCTP 121805
CLSBFD

CLIMATE REPORT
NATIONAL WEATHER SERVICE STATE COLLEGE PA
143 PM EDT TUE MAR 12 2019

...................................

...THE BRADFORD CLIMATE SUMMARY FOR THE SEASON, FROM
12/1/2018 TO 2/28/2019...

CLIMATE NORMAL PERIOD 1981 TO 2010
CLIMATE RECORD PERIOD 1957 TO 2019

WEATHER         OBSERVED          NORMAL  DEPART  LAST YEAR`S
                 VALUE   DATE(S)  VALUE   FROM    VALUE  DATE(S)
                                          NORMAL
................................................................
TEMPERATURE (F)
RECORD
 HIGH              75   12/01/2010
 LOW              -30   02/11/1979

HIGHEST            56   02/04        MM      MM       67  02/20
                        01/01
LOWEST            -13   02/01        MM      MM      -17  01/14
                        01/31
AVG. MAXIMUM     33.4              31.4     2.0     33.9
AVG. MINIMUM     17.9              15.6     2.3     17.0
MEAN             25.6              23.5     2.1     25.4
DAYS MAX >= 90      0                MM      MM        0
DAYS MAX <= 32     44                MM      MM       44
DAYS MIN <= 32     84                MM      MM       77
DAYS MIN <= 0      10                MM      MM       14

PRECIPITATION (INCHES)
RECORD
 MAXIMUM        15.38   1993
 MINIMUM         3.73   2000

TOTALS           9.23              9.04    0.19     9.13
DAILY AVG.       0.10              0.10    0.00     0.10
DAYS >= .01        46                MM      MM       45
DAYS >= .10        20                MM      MM       19
DAYS >= .50         6                MM      MM        6
DAYS >= 1.00        0                MM      MM        1
GREATEST
 24 HR. TOTAL    0.91   MM


 STORM TOTAL       MM                                 MM
 (MM/DD(HH))            MM


DEGREE_DAYS
HEATING TOTAL    3523              3735    -212     3562
 SINCE 7/1       5231              5570    -339     5096
COOLING TOTAL       0                 0       0        0
 SINCE 1/1          0                 0       0        0

FREEZE DATES
RECORD
 EARLIEST     08/05/1972
 LATEST       06/30/1961
EARLIEST                        MM
LATEST                          MM
.................................................................

WIND (MPH)
AVERAGE WIND SPEED              8.3
RESULTANT WIND SPEED/DIRECTION   2/243
HIGHEST WIND SPEED/DIRECTION    33/290    DATE  02/25
HIGHEST GUST SPEED/DIRECTION    49/270    DATE  02/25

SKY COVER
POSSIBLE SUNSHINE (PERCENT)   MM
AVERAGE SKY COVER           0.70
NUMBER OF DAYS FAIR            9
NUMBER OF DAYS PC             27
NUMBER OF DAYS CLOUDY         54

AVERAGE RH (PERCENT)     78

WEATHER CONDITIONS. NUMBER OF DAYS WITH
THUNDERSTORM              1     MIXED PRECIP                0
HEAVY RAIN                5     RAIN                       11
LIGHT RAIN               28     FREEZING RAIN               2
LT FREEZING RAIN         15     HAIL                        0
HEAVY SNOW                4     SNOW                       10
LIGHT SNOW               56     SLEET                      15
FOG                      78     FOG W/VIS <= 1/4 MILE       4
HAZE                     36

-  INDICATES NEGATIVE NUMBERS.
R  INDICATES RECORD WAS SET OR TIED.
MM INDICATES DATA IS MISSING.
T  INDICATES TRACE AMOUNT.

$$

LA CORTE
