000
CXUS51 KBGM 011640
CLSBGM


CLIMATE REPORT
NATIONAL WEATHER SERVICE BINGHAMTON NY
1127 AM EST FRI MAR 1 2019

...................................

...THE BINGHAMTON NY CLIMATE SUMMARY FOR THE SEASON, FROM
12/1/2018 TO 2/28/2019...

CLIMATE NORMAL PERIOD 1981 TO 2010
CLIMATE RECORD PERIOD 1951 TO 2019

WEATHER         OBSERVED          NORMAL  DEPART  LAST YEAR`S
                 VALUE   DATE(S)  VALUE   FROM    VALUE  DATE(S)
                                          NORMAL
................................................................
TEMPERATURE (F)
RECORD
 HIGH              70   02/24/2017
 LOW              -20   01/15/1957
HIGHEST            59   12/21        31      28       69  02/21
LOWEST            -10   01/31        18     -28       -7  01/07
                                                          01/01
AVG. MAXIMUM     32.0              31.3     0.7     32.3
AVG. MINIMUM     18.5              18.1     0.4     18.3
MEAN             25.2              24.7     0.5     25.3
DAYS MAX >= 90      0               0.0     0.0        0
DAYS MAX <= 32     52              48.6     3.4       47
DAYS MIN <= 32     84              80.9     3.1       80
DAYS MIN <= 0       6               5.2     0.8        9

PRECIPITATION (INCHES)
RECORD
 MAXIMUM        12.16   1977
 MINIMUM         3.99   1979
TOTALS           8.94              7.59    1.35     7.61
DAILY AVG.       0.10              0.08    0.02     0.09
DAYS >= .01        50              44.3     5.7       47
DAYS >= .10        24              18.4     5.6       19
DAYS >= .50         5               3.9     1.1        5
DAYS >= 1.00        1               0.7     0.3        1
GREATEST
 24 HR. TOTAL    1.36   01/23 TO 01/24

SNOWFALL (INCHES)
RECORDS
 TOTAL           90.3   1977
 24 HR TOTAL     21.0   02/19/1972 TO 02/19/1972
 SNOW DEPTH        33   12/28/1969
TOTALS           46.0              57.1   -11.1     46.3
SINCE 7/1        72.2              63.9     8.3     48.1
SNOWDEPTH AVG.      3                 4      -1        2
DAYS >= TRACE      57              43.6    13.4       58
DAYS >= 1.0        18              16.7     1.3       16
GREATEST
 SNOW DEPTH        14   01/20                         10  02/10
                                                          02/09
 24 HR TOTAL     11.6   01/19 TO 01/20

DEGREE_DAYS
HEATING TOTAL    3557              3624     -67     3570
 SINCE 7/1       5189              5199     -10     4968
COOLING TOTAL       0                 0       0        0
 SINCE 1/1          0                 0       0        0

FREEZE DATES
RECORD
 EARLIEST     09/20/1993
 LATEST       05/25/1956
EARLIEST                        10/08
LATEST                          05/02
.................................................................

WIND (MPH)
AVERAGE WIND SPEED              9.3
RESULTANT WIND SPEED/DIRECTION   3/268
HIGHEST WIND SPEED/DIRECTION    40/280    DATE  02/25
HIGHEST GUST SPEED/DIRECTION    57/270    DATE  02/25

SKY COVER
POSSIBLE SUNSHINE (PERCENT)   MM
AVERAGE SKY COVER           0.70
NUMBER OF DAYS FAIR           13
NUMBER OF DAYS PC             22
NUMBER OF DAYS CLOUDY         55

AVERAGE RH (PERCENT)     77

WEATHER CONDITIONS. NUMBER OF DAYS WITH
THUNDERSTORM              0     MIXED PRECIP                0
HEAVY RAIN                2     RAIN                       11
LIGHT RAIN               23     FREEZING RAIN               4
LT FREEZING RAIN          8     HAIL                        0
HEAVY SNOW                8     SNOW                       19
LIGHT SNOW               53     SLEET                       0
FOG                      72     FOG W/VIS <= 1/4 MILE      17
HAZE                     29

-  INDICATES NEGATIVE NUMBERS.
R  INDICATES RECORD WAS SET OR TIED.
MM INDICATES DATA IS MISSING.
T  INDICATES TRACE AMOUNT.

$$
