000
CXUS53 KGRR 022018
CLSBIV

CLIMATE REPORT
NATIONAL WEATHER SERVICE GRAND RAPIDS, MI
318 PM EST SAT MAR 2 2019

...................................

...THE HOLLAND/TULIP CITY MI CLIMATE SUMMARY FOR THE SEASON, FROM
12/1/2018 TO 2/28/2019...

CLIMATE NORMAL PERIOD 1981 TO 2010
CLIMATE RECORD PERIOD 1996 TO 2019

WEATHER         OBSERVED          NORMAL  DEPART  LAST YEAR`S
                 VALUE   DATE(S)  VALUE   FROM    VALUE  DATE(S)
                                          NORMAL
................................................................
TEMPERATURE (F)
HIGHEST            55   12/28        MM      MM       65  02/20
LOWEST            -13   01/21        MM      MM      -11  12/30
AVG. MAXIMUM     33.9              34.5    -0.6     34.4
AVG. MINIMUM     21.9              22.7    -0.8     21.0
MEAN             27.9              28.6    -0.7     27.7
DAYS MAX >= 90      0               0.0     0.0        0
DAYS MAX <= 32     35              35.9    -0.9       38
DAYS MIN <= 32     82              74.4     7.6       76
DAYS MIN <= 0       5               1.4     3.6        4

PRECIPITATION (INCHES)
TOTALS           5.36              6.19   -0.83     6.83
DAILY AVG.       0.06              0.07   -0.01     0.08
DAYS >= .01        36                MM      MM       44
DAYS >= .10        15                MM      MM       16
DAYS >= .50         3                MM      MM        2
DAYS >= 1.00        0                MM      MM        1
GREATEST
 24 HR. TOTAL    0.55   02/07 TO 02/07

DEGREE_DAYS
HEATING TOTAL    3313              3277      36     3340
 SINCE 7/1       4721              4500     221     4507
COOLING TOTAL       0                 0       0        0
 SINCE 1/1          0                 0       0        0

FREEZE DATES
EARLIEST                        MM
LATEST                          MM
.................................................................

WIND (MPH)
AVERAGE WIND SPEED              9.7
RESULTANT WIND SPEED/DIRECTION   2/250
HIGHEST WIND SPEED/DIRECTION    41/260    DATE  02/24
HIGHEST GUST SPEED/DIRECTION    53/260    DATE  02/24

SKY COVER
POSSIBLE SUNSHINE (PERCENT)   MM
AVERAGE SKY COVER           0.80
NUMBER OF DAYS FAIR           12
NUMBER OF DAYS PC             17
NUMBER OF DAYS CLOUDY         61

AVERAGE RH (PERCENT)     75


-  INDICATES NEGATIVE NUMBERS.
R  INDICATES RECORD WAS SET OR TIED.
MM INDICATES DATA IS MISSING.
T  INDICATES TRACE AMOUNT.

&&

NOTE... PRECIPITATION TOTALS WILL TEND TO BE TOO LOW AT THIS
LOCATION DUE THE DIFFICULTY OF MEASURING SNOW WATER CONTENT WITH
A TIPPING BUCKET RAIN GAUGE.

$$
