000
CXUS51 KRLX 020827 RRA
CLSBKW

CLIMATE REPORT
NATIONAL WEATHER SERVICE CHARLESTON WV
315 AM EST SAT MAR 2 2019

...................................

...THE BECKLEY WV CLIMATE SUMMARY FOR THE SEASON, FROM
12/1/2018 TO 2/28/2019...

CLIMATE NORMAL PERIOD 1981 TO 2010
CLIMATE RECORD PERIOD 1893 TO 2019

WEATHER         OBSERVED          NORMAL  DEPART  LAST YEAR`S
                 VALUE   DATE(S)  VALUE   FROM    VALUE
                                          NORMAL
.............................................................
TEMPERATURE (F)
RECORD
 HIGH              76   02/22/2018
                        02/20/2018
 LOW              -22   01/21/1985
HIGHEST            70   02/07                         76
LOWEST             -2   01/31                         -5
AVG. MAXIMUM     44.6              41.5     3.1     43.8
AVG. MINIMUM     28.8              24.9     3.9     26.2
MEAN             36.7              33.2     3.5     35.0
DAYS MAX >= 90      0               0.0     0.0        0
DAYS MAX <= 32     14              21.3    -7.3       21
DAYS MIN <= 32     54              67.7   -13.7       62
DAYS MIN <= 0       2               1.9     0.1        3

PRECIPITATION (INCHES)
RECORD
 MAXIMUM        16.02   1937
 MINIMUM         3.65   1983
TOTALS          14.20              8.57    5.63    11.20
DAILY AVG.       0.16              0.10    0.06     0.13
DAYS >= .01        51              43.9     7.1       45
DAYS >= .10        37              21.1    15.9       22
DAYS >= .50         8               4.9     3.1        8
DAYS >= 1.00        2               1.0     1.0        4
GREATEST
 24 HR. TOTAL    1.25   MM

SNOWFALL (INCHES)
RECORDS
 TOTAL          129.6   2010
 24 HR TOTAL     20.0   02/20/2015 TO 02/21/2015
TOTALS           28.5              47.5   -19.0     29.4
SINCE 7/1        32.1              50.5   -18.4     29.5
DAYS >= TRACE      32              26.6     5.4       33
DAYS >= 1.0         8              14.5    -6.5       10
GREATEST
 24 HR TOTAL     13.7   MM

DEGREE_DAYS
HEATING TOTAL    2541              2861    -320     2707
 SINCE 7/1         MM              4001      MM       MM
COOLING TOTAL       0                 0       0        1
 SINCE 1/1          0                 0       0        1
..............................................................

WIND (MPH)
AVERAGE WIND SPEED              8.6
HIGHEST WIND SPEED/DIRECTION    37/270    DATE  02/24
HIGHEST GUST SPEED/DIRECTION    51/280    DATE  02/24

SKY COVER
POSSIBLE SUNSHINE (PERCENT)   MM
AVERAGE SKY COVER           0.60
NUMBER OF DAYS FAIR           22
NUMBER OF DAYS PC             29
NUMBER OF DAYS CLOUDY         39

AVERAGE RH (PERCENT)     74

-  INDICATES NEGATIVE NUMBERS.
R  INDICATES RECORD WAS SET OR TIED.
MM INDICATES DATA IS MISSING.
T  INDICATES TRACE AMOUNT.

$$
