160
CXUS51 KRNK 020053
CLSBLF


CLIMATE REPORT
NATIONAL WEATHER SERVICE BLACKSBURG VA
705 PM EST FRI MAR 1 2019

...................................

...THE BLUEFIELD WV CLIMATE SUMMARY FOR THE SEASON, FROM
12/1/2018 TO 2/28/2019...

CLIMATE NORMAL PERIOD 1981 TO 2010
CLIMATE RECORD PERIOD 1909 TO 2019

WEATHER         OBSERVED          NORMAL  DEPART  LAST YEAR`S
                 VALUE   DATE(S)  VALUE   FROM    VALUE
                                          NORMAL
.............................................................
TEMPERATURE (F)
RECORD
 HIGH              75   02/26/1977
 LOW              -21   01/21/1985
HIGHEST            70   02/07                         74
LOWEST             -2   01/21                         -5
AVG. MAXIMUM     43.8              44.2    -0.4     43.3
AVG. MINIMUM     29.1              28.3     0.8     26.8
MEAN             36.5              36.2     0.3     35.0
DAYS MAX >= 90      0               0.0     0.0        0
DAYS MAX <= 32     16              15.4     0.6       22
DAYS MIN <= 32     52              57.3    -5.3       58
DAYS MIN <= 0       2               0.9     1.1        3

PRECIPITATION (INCHES)
RECORD
 MAXIMUM        12.72   1993
 MINIMUM         4.38   1980
TOTALS          11.71              8.57    3.14     7.64
DAILY AVG.       0.13              0.10    0.03     0.09
DAYS >= .01        47              40.3     6.7       32
DAYS >= .10        31              20.7    10.3       16
DAYS >= .50         7               5.4     1.6        3
DAYS >= 1.00        2               1.0     1.0        1
GREATEST
 24 HR. TOTAL    1.12                               1.65

SNOWFALL (INCHES)
TOTALS           24.6                               14.4
DAYS >= TRACE      33                                 29
DAYS >= 1.0         6                                  7
GREATEST
 24 HR TOTAL     13.6R                               3.2

DEGREE_DAYS
HEATING TOTAL    2562              2589     -27     2703
COOLING TOTAL       0                 0       0        2
..............................................................

WIND (MPH)
AVERAGE WIND SPEED              8.2
HIGHEST WIND SPEED/DIRECTION    37/270    DATE  02/24
HIGHEST GUST SPEED/DIRECTION    54/260    DATE  02/24

SKY COVER
AVERAGE SKY COVER           0.60

AVERAGE RH (PERCENT)     72

WEATHER CONDITIONS. NUMBER OF DAYS WITH
THUNDERSTORM              1     MIXED PRECIP                 0
HEAVY RAIN                6     RAIN                        21
LIGHT RAIN               42     FREEZING RAIN                3
LIGHT FREEZING RAIN       5     HAIL                         0
HEAVY SNOW                1     SNOW                         9
LIGHT SNOW               32     SLEET                        5
FOG                      59     FOG W/VIS <= 1/4 MILE       20
HAZE                      0

-  INDICATES NEGATIVE NUMBERS.
R  INDICATES RECORD WAS SET OR TIED.
MM INDICATES DATA IS MISSING.
T  INDICATES TRACE AMOUNT.

$$

RAB
