000
CXUS53 KDVN 011620
CLSBRL


CLIMATE REPORT
NATIONAL WEATHER SERVICE QUAD CITIES IA IL
1020 AM CST FRI MAR 1 2019

...................................

...THE BURLINGTON IA CLIMATE SUMMARY FOR THE SEASON, FROM
12/1/2018 TO 2/28/2019...

CLIMATE NORMAL PERIOD 1981 TO 2010
CLIMATE RECORD PERIOD 1897 TO 2019

WEATHER         OBSERVED          NORMAL  DEPART
                 VALUE   DATE(S)  VALUE   FROM
                                          NORMAL
................................................
TEMPERATURE (F)
RECORD
 HIGH              76   02/24/1930
 LOW              -27   02/13/1905
HIGHEST            61   01/07        44      17
LOWEST            -21   01/31        17     -38
AVG. MAXIMUM     34.8              36.8    -2.0
AVG. MINIMUM     18.4              19.8    -1.4
MEAN             26.6              28.3    -1.7
DAYS MAX >= 90      0
DAYS MAX <= 32     38
DAYS MIN <= 32     80
DAYS MIN <= 0       8

PRECIPITATION (INCHES)
TOTALS           6.79R             4.95    1.84
DAILY AVG.       0.08              0.05    0.03
DAYS >= .01        28
DAYS >= .10        15
DAYS >= .50         5
DAYS >= 1.00        2
GREATEST
 24 HR. TOTAL    1.13   02/22 TO 02/23

DEGREE_DAYS
HEATING TOTAL    3425              3305     120
 SINCE 7/1       4832              4378     454
COOLING TOTAL       0                 0       0
 SINCE 1/1          0                 0       0
.................................................

WIND (MPH)
AVERAGE WIND SPEED              9.1
HIGHEST WIND SPEED/DIRECTION    31/310    DATE  02/24
HIGHEST GUST SPEED/DIRECTION    51/310    DATE  02/24

SKY COVER
POSSIBLE SUNSHINE (PERCENT)   MM
AVERAGE SKY COVER           0.50
NUMBER OF DAYS FAIR           36
NUMBER OF DAYS PC             22
NUMBER OF DAYS CLOUDY         32

AVERAGE RH (PERCENT)     74

WEATHER CONDITIONS. NUMBER OF DAYS WITH
THUNDERSTORM              3     HAIL                       0
SLEET                     0     FOG                       48
FOG W/VIS <= 1/4 MILE    12     HAZE                      40

-  INDICATES NEGATIVE NUMBERS.
R  INDICATES RECORD WAS SET OR TIED.
MM INDICATES DATA IS MISSING.
T  INDICATES TRACE AMOUNT.

$$


NOTE: SUPPLEMENTAL CLIMATE DATA WAS USED FROM A NEARBY
CLIMATOLOGICALLY REPRESENTATIVE STATION.
