000
CXUS51 KCLE 091746
CLSCAK


CLIMATE REPORT
NATIONAL WEATHER SERVICE CLEVELAND OH
143 PM EDT THU MAY 9 2019

...................................

...THE AKRON CANTON OH CLIMATE SUMMARY FOR THE SEASON, FROM
12/1/2018 TO 2/28/2019...

CLIMATE NORMAL PERIOD 1981 TO 2010
CLIMATE RECORD PERIOD 1887 TO 2019

WEATHER         OBSERVED          NORMAL  DEPART
                 VALUE   DATE(S)  VALUE   FROM
                                          NORMAL
................................................
TEMPERATURE (F)
RECORD
 HIGH              76   12/03/1982
 LOW              -25   01/19/1994
HIGHEST            63   12/02
LOWEST             -5   01/30
AVG. MAXIMUM     39.1              35.6     3.5
AVG. MINIMUM     24.3              21.4     2.9
MEAN             31.7              28.5     3.2
DAYS MAX >= 90      0               0.0
DAYS MAX <= 32     28              35.1
DAYS MIN <= 32     70              75.3
DAYS MIN <= 0       2               3.4

PRECIPITATION (INCHES)
RECORD
 MAXIMUM        15.09   1950
 MINIMUM         2.96   1906
TOTALS           9.83              7.76    2.07
DAYS >= .01        49              47.4
DAYS >= .10        21              20.6
DAYS >= .50         7               3.8
DAYS >= 1.00        2               0.8

SNOWFALL (INCHES)
RECORDS
 TOTAL           65.9   1978
TOTALS           31.4              33.1
DAYS >= TRACE      41
DAYS >= 1.0         9              11.4

DEGREE_DAYS
HEATING TOTAL    2973              3284    -311
COOLING TOTAL       0                 0       0
.................................................

WIND (MPH)
HIGHEST GUST SPEED/DIRECTION    61/280    DATE  02/24

SKY COVER
POSSIBLE SUNSHINE (PERCENT)   MM
NUMBER OF DAYS FAIR            3
NUMBER OF DAYS PC             31
NUMBER OF DAYS CLOUDY         56


WEATHER CONDITIONS. NUMBER OF DAYS WITH
THUNDERSTORM              1     MIXED PRECIP               0
HEAVY RAIN                1     RAIN                       6
LIGHT RAIN               30     FREEZING RAIN              0
LT FREEZING RAIN          7     HAIL                       0
HEAVY SNOW                2     SNOW                      11
LIGHT SNOW               39     SLEET                      1
FOG                      53     FOG W/VIS <= 1/4 MILE      6
HAZE                     57

-  INDICATES NEGATIVE NUMBERS.
R  INDICATES RECORD WAS SET OR TIED.
MM INDICATES DATA IS MISSING.
T  INDICATES TRACE AMOUNT.

$$
