000
CXUS53 KPAH 010655
CLSCGI

CLIMATE REPORT
NATIONAL WEATHER SERVICE PADUCAH KY
1248 AM CST FRI MAR 1 2019

...................................

...THE CAPE GIRARDEAU MO CLIMATE SUMMARY FOR THE SEASON, FROM
12/1/2018 TO 2/28/2019...

CLIMATE NORMAL PERIOD 1981 TO 2010
CLIMATE RECORD PERIOD 1960 TO 2019

WEATHER         OBSERVED          NORMAL  DEPART
                 VALUE   DATE(S)  VALUE   FROM
                                          NORMAL
................................................
TEMPERATURE (F)
RECORD
 HIGH              79   02/13/1962
 LOW              -18   01/11/1977
HIGHEST            69   12/01        MM      MM
LOWEST             10   01/30        MM      MM
AVG. MAXIMUM     47.1              44.9     2.2
AVG. MINIMUM     31.2              26.2     5.0
MEAN             39.2              35.6     3.6
DAYS MAX >= 90      0               0.0     0.0
DAYS MAX <= 32      6              11.9    -5.9
DAYS MIN <= 32     58              64.7    -6.7
DAYS MIN <= 0       0               1.9    -1.9

PRECIPITATION (INCHES)
RECORD
 MAXIMUM        18.09   1979
 MINIMUM         4.27   1963
TOTALS          15.84             11.13    4.71
DAILY AVG.       0.18              0.12    0.06
DAYS >= .01        35              27.1     7.9
DAYS >= .10        25              18.0     7.0
DAYS >= .50        14               7.0     7.0
DAYS >= 1.00        5               2.7     2.3
GREATEST
 24 HR. TOTAL    1.76   MM
 STORM TOTAL       MM
 (MM/DD(HH))            MM

DEGREE_DAYS
HEATING TOTAL    2310              2646    -336
 SINCE 7/1       3312              3497    -185
COOLING TOTAL       0                 0       0
 SINCE 1/1          0                 0       0

.................................................

WIND (MPH)
AVERAGE WIND SPEED              8.8
HIGHEST WIND SPEED/DIRECTION    44/250    DATE  02/07
HIGHEST GUST SPEED/DIRECTION    58/250    DATE  02/07

SKY COVER
POSSIBLE SUNSHINE (PERCENT)   MM
AVERAGE SKY COVER           0.50
NUMBER OF DAYS FAIR           31
NUMBER OF DAYS PC             25
NUMBER OF DAYS CLOUDY         34

AVERAGE RH (PERCENT)     74

WEATHER CONDITIONS. NUMBER OF DAYS WITH
THUNDERSTORM              7     MIXED PRECIP               0
HEAVY RAIN               10     RAIN                      22
LIGHT RAIN               31     FREEZING RAIN              1
LT FREEZING RAIN          4     HAIL                       0
HEAVY SNOW                1     SNOW                       1
LIGHT SNOW                7     SLEET                      0
FOG                      53     FOG W/VIS <= 1/4 MILE      8
HAZE                     20

-  INDICATES NEGATIVE NUMBERS.
R  INDICATES RECORD WAS SET OR TIED.
MM INDICATES DATA IS MISSING.
T  INDICATES TRACE AMOUNT.

$$
