000
CXUS53 KDVN 011620
CLSCID


CLIMATE REPORT
NATIONAL WEATHER SERVICE QUAD CITIES IA IL
1020 AM CST FRI MAR 1 2019

...................................

...THE CEDAR RAPIDS IA CLIMATE SUMMARY FOR THE SEASON, FROM
12/1/2018 TO 2/28/2019...

CLIMATE NORMAL PERIOD 1981 TO 2010
CLIMATE RECORD PERIOD 1891 TO 2019

WEATHER         OBSERVED          NORMAL  DEPART
                 VALUE   DATE(S)  VALUE   FROM
                                          NORMAL
................................................
TEMPERATURE (F)
RECORD
 HIGH              76   02/22/2017
 LOW              -30   01/31/2019
HIGHEST            51   01/05        39      12
LOWEST            -30R  01/31        11     -41
AVG. MAXIMUM     29.5              31.0    -1.5
AVG. MINIMUM     12.5              13.7    -1.2
MEAN             21.0              22.4    -1.4
DAYS MAX >= 90      0
DAYS MAX <= 32     55
DAYS MIN <= 32     87
DAYS MIN <= 0      20

PRECIPITATION (INCHES)
TOTALS           4.81R             3.56    1.25
DAILY AVG.       0.07              0.04    0.03
DAYS >= .01        18
DAYS >= .10         9
DAYS >= .50         3
DAYS >= 1.00        1
GREATEST
 24 HR. TOTAL    1.28   02/22 TO 02/23

DEGREE_DAYS
HEATING TOTAL    3927              3837      90
 SINCE 7/1       5537              5283     254
COOLING TOTAL       0                 0       0
 SINCE 1/1          0                 0       0
.................................................

WIND (MPH)
AVERAGE WIND SPEED              11.4
HIGHEST WIND SPEED/DIRECTION    47/300    DATE  02/24
HIGHEST GUST SPEED/DIRECTION    60/300    DATE  02/24

SKY COVER
POSSIBLE SUNSHINE (PERCENT)   MM
AVERAGE SKY COVER           0.60
NUMBER OF DAYS FAIR           31
NUMBER OF DAYS PC             24
NUMBER OF DAYS CLOUDY         35

AVERAGE RH (PERCENT)     85

WEATHER CONDITIONS. NUMBER OF DAYS WITH
THUNDERSTORM              1     HAIL                       0
SLEET                     1     FOG                       69
FOG W/VIS <= 1/4 MILE    18     HAZE                      27


-  INDICATES NEGATIVE NUMBERS.
R  INDICATES RECORD WAS SET OR TIED.
MM INDICATES DATA IS MISSING.
T  INDICATES TRACE AMOUNT.

$$


NOTE: SUPPLEMENTAL CLIMATE DATA WAS USED FROM A NEARBY
CLIMATOLOGICALLY REPRESENTATIVE STATION.
