000
CXUS51 KRLX 020828
CLSCKB

CLIMATE REPORT
NATIONAL WEATHER SERVICE CHARLESTON WV
315 AM EST SAT MAR 2 2019

...................................

...THE CLARKSBURG WV CLIMATE SUMMARY FOR THE SEASON, FROM
12/1/2018 TO 2/28/2019...

CLIMATE NORMAL PERIOD 1981 TO 2010
CLIMATE RECORD PERIOD 1922 TO 2019

WEATHER         OBSERVED          NORMAL  DEPART  LAST YEAR`S
                 VALUE   DATE(S)  VALUE   FROM    VALUE
                                          NORMAL
.............................................................
TEMPERATURE (F)
RECORD
 HIGH              78   MM
 LOW               -9   01/03/2018
HIGHEST            71   02/07                         79
LOWEST             -6   01/31                         -9
AVG. MAXIMUM     46.9              41.9     5.0     44.9
AVG. MINIMUM     28.9              24.4     4.5     25.9
MEAN             37.9              33.1     4.8     35.4
DAYS MAX >= 90      0               0.0     0.0        0
DAYS MAX <= 32     13              20.3    -7.3       22
DAYS MIN <= 32     60              70.6   -10.6       63
DAYS MIN <= 0       2               1.3     0.7        5

PRECIPITATION (INCHES)
RECORD
 MAXIMUM        18.75   1979
 MINIMUM         4.81   1977
TOTALS          12.87              9.70    3.17    11.76
DAILY AVG.       0.15              0.11    0.04     0.14
DAYS >= .01        47                MM      MM       36
DAYS >= .10        31                MM      MM       21
DAYS >= .50         9                MM      MM        9
DAYS >= 1.00        1                MM      MM        2
GREATEST
 24 HR. TOTAL    1.16   MM

DEGREE_DAYS
HEATING TOTAL    2423              2869    -446     2671
 SINCE 7/1       3416              3961    -545     3597
COOLING TOTAL       0                 1      -1        6
 SINCE 1/1          0                 0       0        6
..............................................................

WIND (MPH)
AVERAGE WIND SPEED              6.5
HIGHEST WIND SPEED/DIRECTION    37/290    DATE  01/08
HIGHEST GUST SPEED/DIRECTION    52/270    DATE  02/24

SKY COVER
POSSIBLE SUNSHINE (PERCENT)   MM
AVERAGE SKY COVER           0.60
NUMBER OF DAYS FAIR           24
NUMBER OF DAYS PC             26
NUMBER OF DAYS CLOUDY         40

AVERAGE RH (PERCENT)     68

-  INDICATES NEGATIVE NUMBERS.
R  INDICATES RECORD WAS SET OR TIED.
MM INDICATES DATA IS MISSING.
T  INDICATES TRACE AMOUNT.

$$
