189
CXUS51 KCLE 091751
CLSCLE

CLIMATE REPORT
NATIONAL WEATHER SERVICE CLEVELAND OH
143 PM EDT THU MAY 9 2019

...................................

...THE CLEVELAND OH CLIMATE SUMMARY FOR THE SEASON, FROM
12/1/2018 TO 2/28/2019...

CLIMATE NORMAL PERIOD 1981 TO 2010
CLIMATE RECORD PERIOD 1871 TO 2019

WEATHER         OBSERVED          NORMAL  DEPART
                 VALUE   DATE(S)  VALUE   FROM
                                          NORMAL
................................................
TEMPERATURE (F)
RECORD
 HIGH              77   12/03/1982
 LOW              -20   01/19/1994
HIGHEST            64   12/02
LOWEST             -3   01/30
AVG. MAXIMUM     39.5              36.7     2.8
AVG. MINIMUM     25.5              23.9     1.6
MEAN             32.5              30.3     2.2
DAYS MAX >= 90      0               0.0
DAYS MAX <= 32     21              31.0
DAYS MIN <= 32     66              69.4
DAYS MIN <= 0       2               2.4

PRECIPITATION (INCHES)
RECORD
 MAXIMUM        14.95   1950
 MINIMUM         3.27   1901
TOTALS           8.51              8.16    0.35
DAYS >= .01        44              47.0
DAYS >= .10        22              22.0
DAYS >= .50         4               3.7
DAYS >= 1.00        1               0.7

SNOWFALL (INCHES)
RECORDS
 TOTAL           82.8   2003
TOTALS           24.2              47.7
DAYS >= TRACE      46
DAYS >= 1.0         9              14.4

DEGREE_DAYS
HEATING TOTAL    2902              3122    -220
COOLING TOTAL       0                 0       0
.................................................

WIND (MPH)
HIGHEST GUST SPEED/DIRECTION    67/240    DATE  02/24

SKY COVER
POSSIBLE SUNSHINE (PERCENT)   MM
AVERAGE SKY COVER           0.90
NUMBER OF DAYS FAIR            2
NUMBER OF DAYS PC             19
NUMBER OF DAYS CLOUDY         69


WEATHER CONDITIONS. NUMBER OF DAYS WITH
THUNDERSTORM              1     MIXED PRECIP               0
HEAVY RAIN                2     RAIN                       8
LIGHT RAIN               30     FREEZING RAIN              0
LT FREEZING RAIN          7     HAIL                       1
HEAVY SNOW                0     SNOW                      10
LIGHT SNOW               41     SLEET                      2
FOG                      51     FOG W/VIS <= 1/4 MILE      4
HAZE                     24

-  INDICATES NEGATIVE NUMBERS.
R  INDICATES RECORD WAS SET OR TIED.
MM INDICATES DATA IS MISSING.
T  INDICATES TRACE AMOUNT.

$$
