000
CXUS51 KRNK 020053
CLSDAN


CLIMATE REPORT
NATIONAL WEATHER SERVICE BLACKSBURG VA
705 PM EST FRI MAR 1 2019

...................................

...THE DANVILLE VA CLIMATE SUMMARY FOR THE SEASON, FROM
12/1/2018 TO 2/28/2019...

CLIMATE NORMAL PERIOD 1981 TO 2010
CLIMATE RECORD PERIOD 1916 TO 2019

WEATHER         OBSERVED          NORMAL  DEPART  LAST YEAR`S
                 VALUE   DATE(S)  VALUE   FROM    VALUE
                                          NORMAL
.............................................................
TEMPERATURE (F)
RECORD
 HIGH              85   02/27/1977
 LOW               -5   01/21/1985
HIGHEST            80   02/07                         79
LOWEST             13   01/31                          2
                        01/22
AVG. MAXIMUM     51.9              48.7     3.2     51.9
AVG. MINIMUM     31.7              30.4     1.3     29.7
MEAN             41.8              39.5     2.3     40.8
DAYS MAX >= 90      0               0.0     0.0        0
DAYS MAX <= 32      1               4.7    -3.7        6
DAYS MIN <= 32     49              55.6    -6.6       51
DAYS MIN <= 0       0               0.0     0.0        0

PRECIPITATION (INCHES)
RECORD
 MAXIMUM        18.47   1997
 MINIMUM         5.01   2011
TOTALS          14.86              9.70    5.16     5.96
DAILY AVG.       0.17              0.11    0.06     0.08
DAYS >= .01        37              28.9     8.1       29
DAYS >= .10        29              18.5    10.5       13
DAYS >= .50         9               7.5     1.5        3
DAYS >= 1.00        4               2.3     1.7        0
GREATEST
 24 HR. TOTAL    1.88                               0.95

SNOWFALL (INCHES)
TOTALS           15.2                               13.7
DAYS >= TRACE       6                                  7
DAYS >= 1.0         1                                  2
GREATEST
 24 HR TOTAL     15.2R                               8.8

DEGREE_DAYS
HEATING TOTAL    2081              2293    -212     1943
COOLING TOTAL       7                 0       7        0
..............................................................

WIND (MPH)
AVERAGE WIND SPEED              5.3
HIGHEST WIND SPEED/DIRECTION    31/280    DATE  02/24
HIGHEST GUST SPEED/DIRECTION    43/290    DATE  02/24

SKY COVER
AVERAGE SKY COVER           0.40

AVERAGE RH (PERCENT)     71

WEATHER CONDITIONS. NUMBER OF DAYS WITH:
THUNDERSTORM              0     MIXED PRECIP                 0
HEAVY RAIN                5     RAIN                        17
LIGHT RAIN               38     FREEZING RAIN                1
LIGHT FREEZING RAIN       3     HAIL                         0
HEAVY SNOW                1     SNOW                         1
LIGHT SNOW                3     SLEET                        5
FOG                      43     FOG W/VIS <= 1/4 MILE        9
HAZE                      0

-  INDICATES NEGATIVE NUMBERS.
R  INDICATES RECORD WAS SET OR TIED.
MM INDICATES DATA IS MISSING.
T  INDICATES TRACE AMOUNT.

$$

RAB
