000
CXUS53 KDDC 011749
CLSDDC


CLIMATE REPORT
NATIONAL WEATHER SERVICE DODGE CITY KS
1141 AM CST FRI MAR 1 2019

...................................

...THE DODGE CITY KS CLIMATE SUMMARY FOR THE SEASON, FROM
12/1/2018 TO 2/28/2019...

CLIMATE NORMAL PERIOD 1981 TO 2010
CLIMATE RECORD PERIOD 1875 TO 2019

WEATHER         OBSERVED          NORMAL  DEPART  LAST YEAR`S
                 VALUE   DATE(S)  VALUE   FROM    VALUE  DATE(S)
                                          NORMAL
................................................................
TEMPERATURE (F)
RECORD
 HIGH              88   02/18/2016
 LOW              -26   02/12/1899
HIGHEST            70   02/02        MM      MM       78  12/03
LOWEST              1   02/08        MM      MM       -9  01/01
                        02/07
AVG. MAXIMUM     43.9              45.6    -1.7     48.9
AVG. MINIMUM     20.7              21.5    -0.8     18.3
MEAN             32.3              33.6    -1.3     33.6
DAYS MAX >= 90      0               0.0     0.0        0
DAYS MAX <= 32     18              15.6     2.4       16
DAYS MIN <= 32     84              80.0     4.0       81
DAYS MIN <= 0       0               2.6    -2.6        5

PRECIPITATION (INCHES)
RECORD
 MAXIMUM         5.70   1877
 MINIMUM         0.06   1922
TOTALS           2.81              2.10    0.71     0.15
DAILY AVG.       0.03              0.02    0.01        T
DAYS >= .01        13              12.9     0.1        4
DAYS >= .10         5               5.6    -0.6        0
DAYS >= .50         3               0.9     2.1        0
DAYS >= 1.00        1               0.1     0.9        0
GREATEST
 24 HR. TOTAL    1.02   12/26 TO 12/26           01/11 TO 01/11

SNOWFALL (INCHES)
RECORDS
 TOTAL           38.4   1896-97
 24 HR TOTAL     15.0   02/25/1912
 SNOW DEPTH        13   02/18/1993
TOTALS           13.3              12.9     0.4      1.4
 LIQUID EQUIV    1.33              1.30    0.03     0.14
SINCE 7/1        18.1              15.1     3.0      1.4
 LIQUID 7/1      1.81              1.50    0.31     0.14
SNOWDEPTH AVG.      0                MM      MM        0
DAYS >= TRACE      24               9.4    14.6       14
DAYS >= 1.0         3               3.6    -0.6        1
GREATEST
 SNOW DEPTH         5   02/24                          1  01/12
                                                          01/11
 24 HR TOTAL      5.3   02/23 TO 02/23           01/11 TO 01/11

DEGREE_DAYS
HEATING TOTAL    2904              2832      72     2802
 SINCE 7/1       4083              3847     236     3656
COOLING TOTAL       0                 0       0        0
 SINCE 1/1          0                 0       0        0
.................................................................

WIND (MPH)
AVERAGE WIND SPEED              12.2
RESULTANT WIND SPEED/DIRECTION   1/299
HIGHEST WIND SPEED/DIRECTION    39/010    DATE  12/31
HIGHEST GUST SPEED/DIRECTION    57/350    DATE  12/27

SKY COVER
POSSIBLE SUNSHINE (PERCENT)   MM
AVERAGE SKY COVER           0.30
NUMBER OF DAYS FAIR           54
NUMBER OF DAYS PC             17
NUMBER OF DAYS CLOUDY         19

AVERAGE RH (PERCENT)     65

WEATHER CONDITIONS. NUMBER OF DAYS WITH

-  INDICATES NEGATIVE NUMBERS.
R  INDICATES RECORD WAS SET OR TIED.
MM INDICATES DATA IS MISSING.
T  INDICATES TRACE AMOUNT.

$$
