000
CXUS51 KALY 020156
CLSDDH

CLIMATE REPORT
NATIONAL WEATHER SERVICE ALBANY NY
801 PM EST FRI MAR 1 2019

...................................

...THE BENNINGTON VT CLIMATE SUMMARY FOR THE SEASON, FROM
12/1/2018 TO 2/28/2019...

CLIMATE NORMAL PERIOD 1981 TO 2010
CLIMATE RECORD PERIOD 9999 TO 9999

WEATHER         OBSERVED          NORMAL  DEPART  LAST YEAR`S
                 VALUE   DATE(S)  VALUE   FROM    VALUE  DATE(S)
                                          NORMAL
................................................................
TEMPERATURE (F)
HIGHEST            63   02/04                         77  02/21
LOWEST            -12   01/22                        -23  01/07
AVG. MAXIMUM     34.7              33.7     1.0     35.4
AVG. MINIMUM     16.4              15.5     0.9     16.1
MEAN             25.6              24.6     1.0     25.8
DAYS MAX >= 90      0               0.0     0.0        0
DAYS MAX <= 32     41              40.1     0.9       40
DAYS MIN <= 32     80              83.0    -3.0       83
DAYS MIN <= 0       8              10.2    -2.2       15

PRECIPITATION (INCHES)
TOTALS           7.26              7.78   -0.52     8.80
DAILY AVG.       0.08              0.09   -0.01     0.10
DAYS >= .01        35                                 34
DAYS >= .10        19                                 24
DAYS >= .50         5                                  5
DAYS >= 1.00        0                                  0
GREATEST
 24 HR. TOTAL    1.54   01/24 TO 01/24

DEGREE_DAYS
HEATING TOTAL    3286              3638    -352
 SINCE 7/1       4791              5251    -460
COOLING TOTAL       0                 0       0
 SINCE 1/1          0                 0       0

FREEZE DATES
EARLIEST                        10/01
LATEST                          05/10
.................................................................

WIND (MPH)
AVERAGE WIND SPEED              5.8
HIGHEST WIND SPEED/DIRECTION    41/130    DATE  02/24
HIGHEST GUST SPEED/DIRECTION    56/100    DATE  01/20


WEATHER CONDITIONS. NUMBER OF DAYS WITH
THUNDERSTORM              1     MIXED PRECIP               0
HEAVY RAIN                1     RAIN                       8
LIGHT RAIN               25     FREEZING RAIN              1
LT FREEZING RAIN          9     HAIL                       0
HEAVY SNOW                2     SNOW                       3
LIGHT SNOW               37     SLEET                      0
FOG                      34     FOG W/VIS <= 1/4 MILE      4
HAZE                     19

-  INDICATES NEGATIVE NUMBERS.
R  INDICATES RECORD WAS SET OR TIED.
MM INDICATES DATA IS MISSING.
T  INDICATES TRACE AMOUNT.

$$
