000
CXUS51 KCLE 082330
CLSERI


CLIMATE REPORT
NATIONAL WEATHER SERVICE CLEVELAND OH
627 PM EST SAT DEC 8 2018

...................................

...THE ERIE PA CLIMATE SUMMARY FOR THE SEASON, FROM
9/1/2018 TO 11/30/2018...

CLIMATE NORMAL PERIOD 1981 TO 2010
CLIMATE RECORD PERIOD 1873 TO 2018

WEATHER         OBSERVED          NORMAL  DEPART
                 VALUE   DATE(S)  VALUE   FROM
                                          NORMAL
................................................
TEMPERATURE (F)
RECORD
 HIGH              99   09/03/1953
 LOW                6   11/30/1929
                        11/22/1880
HIGHEST            93   09/05
LOWEST             20   11/22
AVG. MAXIMUM     60.5              60.9    -0.4
AVG. MINIMUM     48.0              45.9     2.1
MEAN             54.2              53.4     0.8
DAYS MAX >= 90      5               0.1
DAYS MAX <= 32      1               0.9
DAYS MIN <= 32     14               9.6
DAYS MIN <= 0       0               0.0

PRECIPITATION (INCHES)
RECORD
 MAXIMUM        20.91   1979
 MINIMUM         4.52   1908
TOTALS          14.56             12.59    1.97
DAYS >= .01        44              40.0
DAYS >= .10        26              26.0
DAYS >= .50        12               8.0
DAYS >= 1.00        2               2.4

SNOWFALL (INCHES)
RECORDS
 TOTAL           46.9   1950
TOTALS           19.5               8.7
DAYS >= TRACE      12
DAYS >= 1.0         4               2.2

DEGREE_DAYS
HEATING TOTAL    1203              1138      65
COOLING TOTAL     252                80     172
.................................................

WIND (MPH)
HIGHEST GUST SPEED/DIRECTION    47/120    DATE  11/06

SKY COVER
POSSIBLE SUNSHINE (PERCENT)   MM
NUMBER OF DAYS FAIR           24
NUMBER OF DAYS PC             28
NUMBER OF DAYS CLOUDY         39


WEATHER CONDITIONS. NUMBER OF DAYS WITH
THUNDERSTORM              9     MIXED PRECIP               0
HEAVY RAIN               11     RAIN                      19
LIGHT RAIN               51     FREEZING RAIN              1
LT FREEZING RAIN          2     HAIL                       0
HEAVY SNOW                1     SNOW                       5
LIGHT SNOW               11     SLEET                      0
FOG                      38     FOG W/VIS <= 1/4 MILE      5
HAZE                     24

-  INDICATES NEGATIVE NUMBERS.
R  INDICATES RECORD WAS SET OR TIED.
MM INDICATES DATA IS MISSING.
T  INDICATES TRACE AMOUNT.

$$
