000
CXUS51 KOKX 011412 RRA
CLSEWR

CLIMATE REPORT
NATIONAL WEATHER SERVICE NEW YORK NY
911 AM EST FRI MAR 1 2019

...................................

...THE NEWARK NJ CLIMATE SUMMARY FOR THE SEASON, FROM
12/1/2018 TO 2/28/2019...

CLIMATE NORMAL PERIOD 1981 TO 2010
CLIMATE RECORD PERIOD 1929 TO 2019

WEATHER         OBSERVED          NORMAL  DEPART  LAST YEAR`S
                 VALUE   DATE(S)  VALUE   FROM    VALUE
                                          NORMAL
.............................................................
TEMPERATURE (F)
RECORD
 HIGH              80   02/21/2018
 LOW              -14   02/09/1934
HIGHEST            68   02/05        MM      MM
LOWEST              2   01/31        MM      MM
AVG. MAXIMUM     43.0              41.5     1.5
AVG. MINIMUM     28.5              27.0     1.5
MEAN             35.7              34.2     1.5
DAYS MAX >= 90      0               0.0     0.0
DAYS MAX <= 32      5              14.7    -9.7
DAYS MIN <= 32     63              62.6     0.4
DAYS MIN <= 0       0               0.4    -0.4

PRECIPITATION (INCHES)
RECORD
 MAXIMUM        20.41   1979
 MINIMUM         4.38   2002
TOTALS          14.77             10.23    4.54     9.44
DAILY AVG.       0.16              0.11    0.05
DAYS >= .01        33              30.8     2.2
DAYS >= .10        21              18.4     2.6
DAYS >= .50        12               7.6     4.4
DAYS >= 1.00        5               2.7     2.3
GREATEST
 24 HR. TOTAL    1.47   MM
 STORM TOTAL       MM
 (MM/DD(HH))            MM

SNOWFALL (INCHES)
RECORDS
 TOTAL           66.0   2011
 24 HR TOTAL     27.5   MM
TOTALS            5.7              22.6   -16.9
 LIQUID EQUIV    0.57              2.30   -1.73
SINCE 7/1        12.1              23.0   -10.9
 LIQUID 7/1      1.21
DAYS >= TRACE      19              11.3     7.7
DAYS >= 1.0         2               5.2    -3.2
GREATEST
 SNOW DEPTH         1   02/21
                        02/13
 24 HR TOTAL      2.7   MM
 STORM TOTAL       MM
 (MM/DD(HH))            MM

DEGREE_DAYS
HEATING TOTAL    2612              2767    -155
 SINCE 7/1         MM              3635      MM
COOLING TOTAL       0                 0       0
 SINCE 1/1          0                 0       0
..............................................................

WIND (MPH)
AVERAGE WIND SPEED              10.4
HIGHEST WIND SPEED/DIRECTION    46/270    DATE  02/25
HIGHEST GUST SPEED/DIRECTION    58/270    DATE  02/25

SKY COVER
POSSIBLE SUNSHINE (PERCENT)   MM
AVERAGE SKY COVER           0.70
NUMBER OF DAYS FAIR            8
NUMBER OF DAYS PC             44
NUMBER OF DAYS CLOUDY         38

AVERAGE RH (PERCENT)     61

WEATHER CONDITIONS. NUMBER OF DAYS WITH
  0
 16
  3
  0
  7
  5
  2
HAZE                     11

-  INDICATES NEGATIVE NUMBERS.
R  INDICATES RECORD WAS SET OR TIED.
MM INDICATES DATA IS MISSING.
T  INDICATES TRACE AMOUNT.

$$
