000
CXUS53 KFGF 011209
CLSFAR

CLIMATE REPORT
NATIONAL WEATHER SERVICE EASTERN NORTH DAKOTA/GRAND FORKS
521 AM CST FRI MAR 1 2019

...................................

...THE FARGO HECTOR INTL AP ND CLIMATE SUMMARY FOR THE SEASON, FROM
12/1/2018 TO 2/28/2019...

CLIMATE NORMAL PERIOD 1981 TO 2010
CLIMATE RECORD PERIOD 1881 TO 2019

WEATHER         OBSERVED          NORMAL  DEPART  LAST YEAR`S
                 VALUE   DATE(S)  VALUE   FROM    VALUE  DATE(S)
                                          NORMAL
................................................................
TEMPERATURE (F)
RECORD
 HIGH              66   02/25/1958
 LOW              -48   01/08/1887
HIGHEST            44   12/15        20      24       49  12/02
LOWEST            -33   01/30         2     -35      -24  12/31
AVG. MAXIMUM     17.4              21.4    -4.0     20.0
AVG. MINIMUM      0.5               3.8    -3.3      1.6
MEAN              8.9              12.6    -3.7     10.8
DAYS MAX >= 90      0               0.0     0.0       MM
DAYS MAX <= 32     75              66.5     8.5       MM
DAYS MIN <= 32     90              89.0     1.0       MM
DAYS MIN <= 0      48              37.1    10.9       MM

PRECIPITATION (INCHES)
RECORD
 MAXIMUM         4.28   2010
 MINIMUM         0.27   1942
TOTALS           3.41              2.14    1.27     1.81
DAILY AVG.       0.04              0.02    0.02     0.02
DAYS >= .01        28              24.7     3.3       MM
DAYS >= .10        12               6.5     5.5       MM
DAYS >= .50         0               0.5    -0.5       MM
DAYS >= 1.00        0               0.0     0.0       MM
GREATEST
 24 HR. TOTAL    0.46   MM                       02/28 TO 02/28
OBSERVED          NORMAL  DEPART  LAST YEAR`S
 STORM TOTAL       MM                                 MM
 (MM/DD(HH))       MM                    02/28(00) TO 02/28(00)
OBSERVED          NORMAL  DEPART  LAST YEAR`S

SNOWFALL (INCHES)
RECORDS
 TOTAL           57.0   1997
 24 HR TOTAL     16.3   01/22/1982 TO 01/22/1982
 SNOW DEPTH        MM   MM
TOTALS           40.9              29.4    11.5     23.7
 LIQUID EQUIV    4.09              2.90    1.19     2.37
SINCE 7/1        47.8              38.0     9.8     27.2
 LIQUID 7/1      4.78              3.80    0.98     2.72
SNOWDEPTH AVG.      8                 7       1        3
DAYS >= TRACE      47              25.1    21.9       MM
DAYS >= 1.0        13               8.4     4.6       MM
GREATEST
 SNOW DEPTH        22   02/24                         10  02/26
                        02/23                             02/25
 24 HR TOTAL      4.9   MM                       02/28 TO 02/28
OBSERVED          NORMAL  DEPART  LAST YEAR`S
 STORM TOTAL       MM                                 MM
 (MM/DD(HH))       MM                    02/28(00) TO 02/28(00)
OBSERVED          NORMAL  DEPART  LAST YEAR`S

DEGREE_DAYS
HEATING TOTAL    4997              4716     281     4849
 SINCE 7/1         MM              6678      MM       MM
COOLING TOTAL       0                 0       0        0
 SINCE 1/1          0                 0       0        0

FREEZE DATES
RECORD
 EARLIEST     MM
 LATEST       MM
EARLIEST                        MM
LATEST                          MM
.................................................................

WIND (MPH)
AVERAGE WIND SPEED              11.1
RESULTANT WIND SPEED/DIRECTION   2/324
HIGHEST WIND SPEED/DIRECTION    43/290    DATE  01/08
HIGHEST GUST SPEED/DIRECTION    56/350    DATE  12/27

SKY COVER
POSSIBLE SUNSHINE (PERCENT)   MM
AVERAGE SKY COVER           0.60
NUMBER OF DAYS FAIR           25
NUMBER OF DAYS PC             33
NUMBER OF DAYS CLOUDY         32

AVERAGE RH (PERCENT)     81

WEATHER CONDITIONS. NUMBER OF DAYS WITH
THUNDERSTORM              0     MIXED PRECIP               0
HEAVY RAIN                0     RAIN                       0
LIGHT RAIN                2     FREEZING RAIN              0
LT FREEZING RAIN          3     HAIL                       0
HEAVY SNOW                7     SNOW                      17
LIGHT SNOW               49     SLEET                      0
FOG                      63     FOG W/VIS <= 1/4 MILE     18
HAZE                     42

-  INDICATES NEGATIVE NUMBERS.
R  INDICATES RECORD WAS SET OR TIED.
MM INDICATES DATA IS MISSING.
T  INDICATES TRACE AMOUNT.

&&

FOR THE WINTER SEASON /DEC JAN FEB/ THE FARGO HECTOR INTERNATIONAL
AIRPORT HAD BELOW NORMAL TEMPERATURES AND WELL ABOVE NORMAL
PRECIPITATION.

THE FARGO HECTOR INTERNATIONAL AIRPORT AVERAGED 8.9 DEGREES WHICH
WAS 3.7 DEGREES BELOW NORMAL. THE COLDEST WINTER SEASON RECORDED WAS
THE 1886/1887 SEASON WHICH AVERAGED -4.5 DEGREES.

TOTAL PRECIPITATION FOR THE SEASON TOTALED 3.41 INCHES WHICH WAS
1.27 INCHES ABOVE NORMAL. NORMAL PRECIPITATION FOR THE WINTER SEASON
IS 2.14 INCHES. RECORD PRECIPITATION FOR THE SEASON IS 4.28 INCHES
WHICH WAS SET BACK IN THE 2009/2010 SEASON.

SNOWFALL FOR THE WINTER SEASON WAS MUCH ABOVE NORMAL WITH A TOTAL OF
40.9 INCHES. NORMAL SNOW IS 29.4 INCHES WHICH IS 11.5 INCHES ABOVE
NORMAL.

REMEMBER...THIS DATA IS PROVISIONAL AND SUBJECT TO CHANGE. THE FINAL
AND OFFICIAL RECORDS WILL BE AVAILABLE FROM THE NATIONAL CENTERS FOR
ENVIRONMENTAL INFORMATION (FORMERLY THE NATIONAL CLIMATE DATA
CENTER).

$$
