000
CXUS53 KFGF 011224
CLSFGF

CLIMATE REPORT
NATIONAL WEATHER SERVICE EASTERN NORTH DAKOTA/GRAND FORKS
521 AM CST FRI MAR 1 2019

...................................

...THE GRAND FORKS UNIV. (NWS) ND CLIMATE SUMMARY FOR THE SEASON, FROM
12/1/2018 TO 2/28/2019...

CLIMATE NORMAL PERIOD 1981 TO 2010
CLIMATE RECORD PERIOD 1893 TO 2019

WEATHER         OBSERVED          NORMAL  DEPART  LAST YEAR`S
                 VALUE   DATE(S)  VALUE   FROM    VALUE  DATE(S)
                                          NORMAL
................................................................
TEMPERATURE (F)
RECORD
 HIGH              67   02/22/2000
 LOW              -43   01/11/1912
HIGHEST            41   01/04        19      22       43  12/02
LOWEST            -34   01/30         2     -36      -25  12/30
AVG. MAXIMUM     15.2              19.4    -4.2     17.5
AVG. MINIMUM     -0.9               2.5    -3.4      0.3
MEAN              7.2              10.9    -3.7      8.9
DAYS MAX >= 90      0               0.0     0.0        0
DAYS MAX <= 32     80              72.6     7.4       73
DAYS MIN <= 32     90              89.4     0.6       90
DAYS MIN <= 0      48              39.6     8.4       48

PRECIPITATION (INCHES)
RECORD
 MAXIMUM         4.39   1996
 MINIMUM         0.37   2002
TOTALS           2.49              1.95    0.54     2.11
DAILY AVG.       0.03              0.02    0.01     0.02
DAYS >= .01        30              19.1    10.9       20
DAYS >= .10         9               6.1     2.9        8
DAYS >= .50         0               0.4    -0.4        1
DAYS >= 1.00        0               0.1    -0.1        0
GREATEST
 24 HR. TOTAL    0.31   MM                       12/04 TO 12/04
OBSERVED          NORMAL  DEPART  LAST YEAR`S
 STORM TOTAL       MM                                 MM
 (MM/DD(HH))       MM                    12/04(00) TO 12/04(00)
OBSERVED          NORMAL  DEPART  LAST YEAR`S

SNOWFALL (INCHES)
RECORDS
 TOTAL           75.3   1996
 24 HR TOTAL     15.7   12/25/2009 TO 12/25/2009
 SNOW DEPTH        MM   MM
TOTALS           46.7              28.2    18.5     30.2
 LIQUID EQUIV    4.67              2.80    1.87     3.02
SINCE 7/1        60.5              35.3    25.2     38.6
 LIQUID 7/1      6.05              3.50    2.55     3.86
SNOWDEPTH AVG.      9                 5       4        6
DAYS >= TRACE      56              20.9    35.1       46
DAYS >= 1.0        15               8.4     6.6        9
GREATEST
 SNOW DEPTH        20   02/24                         11  01/11
                        02/23
 24 HR TOTAL      4.6   MM                       12/04 TO 12/04
OBSERVED          NORMAL  DEPART  LAST YEAR`S
 STORM TOTAL       MM                                 MM
 (MM/DD(HH))       MM                    12/04(00) TO 12/04(00)
OBSERVED          NORMAL  DEPART  LAST YEAR`S

DEGREE_DAYS
HEATING TOTAL    5155              4866     289     5020
 SINCE 7/1         MM              6960      MM       MM
COOLING TOTAL       0                 0       0        0
 SINCE 1/1          0                 0       0        0

FREEZE DATES
RECORD
 EARLIEST     MM
 LATEST       MM
EARLIEST                        MM
LATEST                          MM
.................................................................

WIND (MPH)
AVERAGE WIND SPEED              MM
RESULTANT WIND SPEED/DIRECTION  MM
HIGHEST WIND SPEED/DIRECTION    MM        DATE   MM
HIGHEST GUST SPEED/DIRECTION    MM        DATE   MM

SKY COVER
POSSIBLE SUNSHINE (PERCENT)   MM
AVERAGE SKY COVER             MM
NUMBER OF DAYS FAIR            0
NUMBER OF DAYS PC              0
NUMBER OF DAYS CLOUDY          0

AVERAGE RH (PERCENT)     MM

WEATHER CONDITIONS. NUMBER OF DAYS WITH
THUNDERSTORM              0     MIXED PRECIP               0
HEAVY RAIN                0     RAIN                       0
LIGHT RAIN                1     FREEZING RAIN              0
LT FREEZING RAIN          4     HAIL                       0
HEAVY SNOW                0     SNOW                       5
LIGHT SNOW               33     SLEET                      0
FOG                       2     FOG W/VIS <= 1/4 MILE      0
HAZE                      0

-  INDICATES NEGATIVE NUMBERS.
R  INDICATES RECORD WAS SET OR TIED.
MM INDICATES DATA IS MISSING.
T  INDICATES TRACE AMOUNT.

&&

FOR THE WINTER SEASON /DEC JAN FEB/ THE GRAND FORKS UNIVERSITY (NWS)
HAD BELOW NORMAL TEMPERATURES AND WELL ABOVE NORMAL PRECIPITATION.

THE GRAND FORKS UNIVERSITY (NWS) AVERAGED 7.1 DEGREES WHICH WAS 3.8
DEGREES BELOW NORMAL. THE COLDEST SEASON RECORDED WAS THE 1935/1936
WINTER SEASON WHICH AVERAGED -4.5 DEGREES.

PRECIPITATION FOR THE SEASON TOTALED 2.49 INCHES WHICH WAS 0.54
INCHES ABOVE NORMAL. NORMAL PRECIPITATION FOR THE WINTER SEASON IS
1.95 INCHES. RECORD PRECIPITATION FOR THE SEASON IS 4.39 INCHES
WHICH WAS SET BACK IN THE 1995/1996 SEASON.

SNOWFALL FOR THE WINTER SEASON WAS MUCH ABOVE NORMAL WITH A TOTAL OF
46.7 INCHES...WHICH IS THE FIFTH HIGHEST ON RECORD. NORMAL SNOW IS
28.2 INCHES WHICH MAKES THE SEASON TOTAL 18.5 INCHES ABOVE NORMAL.

REMEMBER...THIS DATA IS PROVISIONAL AND SUBJECT TO CHANGE. THE FINAL
AND OFFICIAL RECORDS WILL BE AVAILABLE FROM THE NATIONAL CENTERS FOR
ENVIRONMENTAL INFORMATION (FORMERLY THE NATIONAL CLIMATE DATA
CENTER).

$$
