000
CXUS53 KDDC 011749
CLSGCK


CLIMATE REPORT
NATIONAL WEATHER SERVICE DODGE CITY KS
1141 AM CST FRI MAR 1 2019

...................................

...THE GARDEN CITY REGIONAL ARPT KS CLIMATE SUMMARY FOR THE SEASON, FROM
12/1/2018 TO 2/28/2019...

CLIMATE NORMAL PERIOD 1981 TO 2010
CLIMATE RECORD PERIOD 1948 TO 2019

WEATHER         OBSERVED          NORMAL  DEPART  LAST YEAR`S
                 VALUE   DATE(S)  VALUE   FROM    VALUE  DATE(S)
                                          NORMAL
................................................................
TEMPERATURE (F)
RECORD
 HIGH              89   02/18/2016
 LOW              -19   12/18/2016
                        01/14/1979
HIGHEST            70   02/03        MM      MM       77  02/18
LOWEST             -3   02/28        MM      MM       -9  01/01
AVG. MAXIMUM     41.8              45.5    -3.7     48.5
AVG. MINIMUM     17.2              19.2    -2.0     15.9
MEAN             29.5              32.4    -2.9     32.2
DAYS MAX >= 90      0               0.0     0.0        0
DAYS MAX <= 32     22              16.1     5.9       14
DAYS MIN <= 32     86              85.0     1.0       85
DAYS MIN <= 0       2               3.8    -1.8        5

PRECIPITATION (INCHES)
RECORD
 MAXIMUM         4.83   2007
 MINIMUM            T   2018
TOTALS           2.54              1.40    1.14        T
DAILY AVG.       0.03              0.02    0.01        T
DAYS >= .01         6              10.3    -4.3        0
DAYS >= .10         2               4.1    -2.1        0
DAYS >= .50         2               0.5     1.5        0
DAYS >= 1.00        1               0.0     1.0        0
GREATEST
 24 HR. TOTAL    1.76   12/26 TO 12/27           02/20 TO 02/20

DEGREE_DAYS
HEATING TOTAL    3162              2935     227     2928
 SINCE 7/1       4461              4024     437     3884
COOLING TOTAL       0                 0       0        0
 SINCE 1/1          0                 0       0        0
.................................................................

WIND (MPH)
AVERAGE WIND SPEED              11.7
RESULTANT WIND SPEED/DIRECTION   2/346
HIGHEST WIND SPEED/DIRECTION    46/360    DATE  12/31
HIGHEST GUST SPEED/DIRECTION    55/330    DATE  02/23

SKY COVER
POSSIBLE SUNSHINE (PERCENT)   MM
AVERAGE SKY COVER           0.30
NUMBER OF DAYS FAIR           57
NUMBER OF DAYS PC             18
NUMBER OF DAYS CLOUDY         15

AVERAGE RH (PERCENT)     71

WEATHER CONDITIONS. NUMBER OF DAYS WITH

-  INDICATES NEGATIVE NUMBERS.
R  INDICATES RECORD WAS SET OR TIED.
MM INDICATES DATA IS MISSING.
T  INDICATES TRACE AMOUNT.

$$
