000
CXUS53 KFGF 011211
CLSGFK

CLIMATE REPORT
NATIONAL WEATHER SERVICE EASTERN NORTH DAKOTA/GRAND FORKS
523 AM CST FRI MAR 1 2019

...................................

...THE GRAND FORKS INTL AP ND CLIMATE SUMMARY FOR THE SEASON, FROM
12/1/2018 TO 2/28/2019...

CLIMATE NORMAL PERIOD 1981 TO 2010
CLIMATE RECORD PERIOD 1941 TO 2019

WEATHER         OBSERVED          NORMAL  DEPART  LAST YEAR`S
                 VALUE   DATE(S)  VALUE   FROM    VALUE  DATE(S)
                                          NORMAL
................................................................
TEMPERATURE (F)
RECORD
 HIGH              67   02/22/2000
 LOW              -43   01/30/2004
HIGHEST            39   12/15        19      20       44  12/02
LOWEST            -35   01/30         1     -36      -25  01/13
                                                          12/31
AVG. MAXIMUM     14.0              19.5    -5.5     18.3
AVG. MINIMUM     -4.3               0.5    -4.8     -0.2
MEAN              4.9              10.0    -5.1      9.1
DAYS MAX >= 90      0               0.0     0.0        0
DAYS MAX <= 32     81              71.5     9.5       72
DAYS MIN <= 32     90              89.5     0.5       90
DAYS MIN <= 0      54              44.3     9.7       50

PRECIPITATION (INCHES)
RECORD
 MAXIMUM         3.78   1989
 MINIMUM         0.37   2002
TOTALS           2.20              1.68    0.52     1.70
DAILY AVG.       0.03              0.02    0.01     0.02
DAYS >= .01        30              23.2     6.8       20
DAYS >= .10         7               5.1     1.9        8
DAYS >= .50         0               0.2    -0.2        0
DAYS >= 1.00        0               0.0     0.0        0
GREATEST
 24 HR. TOTAL    0.23   MM                       01/10 TO 01/10
OBSERVED          NORMAL  DEPART  LAST YEAR`S
 STORM TOTAL       MM                                 MM
 (MM/DD(HH))       MM                    01/10(00) TO 01/10(00)
OBSERVED          NORMAL  DEPART  LAST YEAR`S

SNOWFALL (INCHES)
RECORDS
 TOTAL           57.7   1997
 24 HR TOTAL     13.5   01/17/1996 TO 01/17/1996
 SNOW DEPTH        MM   MM
TOTALS           36.7              28.0     8.7     25.3
 LIQUID EQUIV    3.67              2.80    0.87     2.53
SINCE 7/1        48.6              37.2    11.4     35.5
 LIQUID 7/1      4.86                MM      MM     3.55
SNOWDEPTH AVG.      7                 6       1        5
DAYS >= TRACE      56              27.0    29.0       43
DAYS >= 1.0        14               8.5     5.5        8
GREATEST
 SNOW DEPTH        20   02/26                         10  01/16
                        02/24                             01/15
                        02/25
 24 HR TOTAL      3.5   MM                       01/10 TO 01/10
OBSERVED          NORMAL  DEPART  LAST YEAR`S
 STORM TOTAL       MM                                 MM
 (MM/DD(HH))            MM                    01/10(00) TO 01/10(00)
OBSERVED          NORMAL  DEPART  LAST YEAR`S

DEGREE_DAYS
HEATING TOTAL    5366              4951     415     5005
 SINCE 7/1         MM              7150      MM       MM
COOLING TOTAL       0                 0       0        0
 SINCE 1/1          0                 0       0        0

FREEZE DATES
RECORD
 EARLIEST     MM
 LATEST       MM
EARLIEST                        MM
LATEST                          MM
.................................................................

WIND (MPH)
AVERAGE WIND SPEED              11.3
RESULTANT WIND SPEED/DIRECTION   3/319
HIGHEST WIND SPEED/DIRECTION    44/350    DATE  12/27
HIGHEST GUST SPEED/DIRECTION    59/350    DATE  12/27

SKY COVER
POSSIBLE SUNSHINE (PERCENT)   MM
AVERAGE SKY COVER           0.70
NUMBER OF DAYS FAIR           19
NUMBER OF DAYS PC             35
NUMBER OF DAYS CLOUDY         36

AVERAGE RH (PERCENT)     81

WEATHER CONDITIONS. NUMBER OF DAYS WITH
THUNDERSTORM              0     MIXED PRECIP               0
HEAVY RAIN                0     RAIN                       0
LIGHT RAIN                1     FREEZING RAIN              0
LT FREEZING RAIN          4     HAIL                       0
HEAVY SNOW                3     SNOW                       9
LIGHT SNOW               53     SLEET                      1
FOG                      50     FOG W/VIS <= 1/4 MILE      2
HAZE                     31

-  INDICATES NEGATIVE NUMBERS.
R  INDICATES RECORD WAS SET OR TIED.
MM INDICATES DATA IS MISSING.
T  INDICATES TRACE AMOUNT.

&&

FOR THE WINTER SEASON /DEC JAN FEB/ THE GRAND FORKS INTERNATIONAL
AIRPORT HAD BELOW NORMAL TEMPERATURES AND ABOVE NORMAL
PRECIPITATION.

THE GRAND FORKS INTERNATIONAL AIRPORT AVERAGED 4.9 DEGREES WHICH WAS
5.1 DEGREES BELOW NORMAL. THIS MAKES THE SEASON THE EIGHTH COLDEST
WINTER SEASON BEHIND THE 1978/1979 WINTER SEASON WHICH AVERAGED -2.5
DEGREES.

TOTAL PRECIPITATION FOR THE SEASON TOTALED 2.20 INCHES WHICH WAS
0.52 INCHES ABOVE NORMAL. NORMAL PRECIPITATION FOR THE WINTER SEASON
IS 1.68 INCHES. RECORD PRECIPITATION FOR THE SEASON IS 3.78 INCHES
WHICH WAS SET BACK IN THE 1988/1989 SEASON.

SNOWFALL FOR THE FALL SEASON WAS MUCH ABOVE NORMAL WITH A TOTAL OF
36.7 INCHES. NORMAL SNOW IS 28.0 INCHES WHICH IS 8.7 INCHES ABOVE
NORMAL.

REMEMBER...THIS DATA IS PROVISIONAL AND SUBJECT TO CHANGE. THE FINAL
AND OFFICIAL RECORDS WILL BE AVAILABLE FROM THE NATIONAL CENTERS FOR
ENVIRONMENTAL INFORMATION (FORMERLY THE NATIONAL CLIMATE DATA
CENTER).

$$
