708
CXUS53 KGRB 031432
CLSGRB

CLIMATE REPORT
NATIONAL WEATHER SERVICE GREEN BAY
830 AM CST SUN MAR 3 2019

...THE GREEN BAY WI WINTER CLIMATE SUMMARY FROM 12/1/2018 TO
2/28/2019...

...TIED 36TH COLDEST WINTER ON RECORD...
...24TH WETTEST WINTER ON RECORD...
...13TH SNOWIEST ON RECORD...

................................................................
CLIMATE NORMAL PERIOD 1981 TO 2010
CLIMATE RECORD PERIOD 1886 TO 2019

WEATHER         OBSERVED          NORMAL  DEPART  LAST YEAR`S
                 VALUE   DATE(S)  VALUE   FROM    VALUE  DATE(S)
                                          NORMAL
................................................................
TEMPERATURE (F)
RECORD
 HIGH              65   02/22/2017
 LOW              -36   01/21/1888
HIGHEST            47   01/05        50      -3       61  12/04
LOWEST            -26   01/31       -19      -7      -15  12/27
AVG. MAXIMUM     25.2              27.0    -1.8     27.9
AVG. MINIMUM      9.4              11.9    -2.5     12.0
MEAN             17.3              19.4    -2.1     19.9
DAYS MAX >= 90      0               0.0     0.0        0
DAYS MAX <= 32     45              58.8   -13.8       58
DAYS MIN <= 32     58              86.0   -28.0       88
DAYS MIN <= 0      15              18.1    -3.1       26

PRECIPITATION (INCHES)
RECORD
 MAXIMUM         9.07   1922
 MINIMUM         1.34   1987
                        1961
TOTALS           5.05              3.75    1.30     3.79
DAILY AVG.       0.09              0.04    0.05     0.04
DAYS >= .01        28              28.6    -0.6       37
DAYS >= .10        12              10.9     1.1       10
DAYS >= .50         3               1.2     1.8        2
DAYS >= 1.00        0               0.2    -0.2        0

SNOWFALL (INCHES)
RECORDS
 TOTAL           77.1   2008
 24 HR TOTAL       MM
TOTALS           51.1              36.0    15.1     23.8
SINCE 7/1        54.9              40.2    14.7     24.4
DAYS >= TRACE      38              26.6    11.4       48
DAYS >= 1.0        12              10.9     1.1        4
GREATEST
 SNOW DEPTH        15   01/30                          7  12/16
                        01/29                             12/14
                                                          12/15
 24 HR TOTAL      9.7   01/28

DEGREE_DAYS
HEATING TOTAL    2804              4100   -1296     4038
 SINCE 7/1       5626              5840    -214     5454
COOLING TOTAL       0                 0       0        0
 SINCE 1/1          0                 0       0        0

FREEZE DATES
RECORD
 EARLIEST     09/12/1955
 LATEST       06/06/1958
EARLIEST                        10/04
LATEST                          05/05
.................................................................

WIND (MPH)
AVERAGE WIND SPEED              9.8
RESULTANT WIND SPEED/DIRECTION   3/298
HIGHEST WIND SPEED/DIRECTION    44/270    DATE  02/24
HIGHEST GUST SPEED/DIRECTION    60/280    DATE  02/24

SKY COVER
POSSIBLE SUNSHINE (PERCENT)   MM
AVERAGE SKY COVER           0.60
NUMBER OF DAYS FAIR           19
NUMBER OF DAYS PC             11
NUMBER OF DAYS CLOUDY         29

AVERAGE RH (PERCENT)     71

WEATHER CONDITIONS. NUMBER OF DAYS WITH
THUNDERSTORM              0     MIXED PRECIP               0
HEAVY RAIN                1     RAIN                       3
LIGHT RAIN                5     FREEZING RAIN              3
LT FREEZING RAIN         10     HAIL                       0
HEAVY SNOW                3     SNOW                       9
LIGHT SNOW               37     SLEET                      0
FOG                      25     FOG W/VIS <= 1/4 MILE      5
HAZE                     23

-  INDICATES NEGATIVE NUMBERS.
R  INDICATES RECORD WAS SET OR TIED.
MM INDICATES DATA IS MISSING.
T  INDICATES TRACE AMOUNT.
...................................

$$
ECKBERG
