000
CXUS51 KPBZ 011449
CLSHLG


CLIMATE REPORT
NATIONAL WEATHER SERVICE PITTSBURGH PA
949 AM EST FRI MAR 1 2019

...................................

...THE WHEELING CLIMATE SUMMARY FOR THE SEASON, FROM
12/1/2018 TO 2/28/2019...

CLIMATE NORMAL PERIOD 1981 TO 2010
CLIMATE RECORD PERIOD 1878 TO 2019

WEATHER         OBSERVED          NORMAL  DEPART  LAST YEAR`S
                 VALUE   DATE(S)  VALUE   FROM    VALUE  DATE(S)
                                          NORMAL
................................................................
TEMPERATURE (F)
RECORD
 HIGH              78   02/20/2018
 LOW              -26   02/27/1934
HIGHEST            65   12/02        MM      MM       78  02/20
LOWEST             -6   01/31        MM      MM       -3  01/07
                                                          01/01
AVG. MAXIMUM     41.8              38.5     3.3     40.0
AVG. MINIMUM     26.4              24.0     2.4     23.7
MEAN             34.1              31.2     2.9     31.9
DAYS MAX >= 90      0               0.0     0.0        0
DAYS MAX <= 32     18              28.8   -10.8       31
DAYS MIN <= 32     65              71.1    -6.1       68
DAYS MIN <= 0       4               0.6     3.4        6

PRECIPITATION (INCHES)
RECORD
 MAXIMUM           MM   MM
 MINIMUM           MM   MM
TOTALS           9.69              7.24    2.45    10.86
DAILY AVG.       0.11              0.08    0.03     0.12
DAYS >= .01        41                MM      MM       40
DAYS >= .10        23                MM      MM       20
DAYS >= .50         8                MM      MM        8
DAYS >= 1.00        1                MM      MM        2
GREATEST
 24 HR. TOTAL    1.04

DEGREE_DAYS
HEATING TOTAL    2740              3039    -299     2988
 SINCE 7/1       3946              4167    -221     3980
COOLING TOTAL       0                 0       0        5
 SINCE 1/1          0                 0       0        5
.................................................................

WIND (MPH)
AVERAGE WIND SPEED              9.0
HIGHEST WIND SPEED/DIRECTION    44/260    DATE  02/24
HIGHEST GUST SPEED/DIRECTION    64/240    DATE  02/24

AVERAGE RH (PERCENT)     72

WEATHER CONDITIONS. NUMBER OF DAYS WITH
THUNDERSTORM              2     MIXED PRECIP               0
HEAVY RAIN                5     RAIN                      15
LIGHT RAIN               38     FREEZING RAIN              2
LT FREEZING RAIN          5     HAIL                       0
HEAVY SNOW                3     SNOW                      10
LIGHT SNOW               30     SLEET                      0
FOG                      60     FOG W/VIS <= 1/4 MILE     12
HAZE                     27

-  INDICATES NEGATIVE NUMBERS.
R  INDICATES RECORD WAS SET OR TIED.
MM INDICATES DATA IS MISSING.
T  INDICATES TRACE AMOUNT.

$$
