537
CXUS51 KRLX 020827 RRB
CLSHTS

CLIMATE REPORT
NATIONAL WEATHER SERVICE CHARLESTON WV
315 AM EST SAT MAR 2 2019

...................................

...THE HUNTINGTON WV CLIMATE SUMMARY FOR THE SEASON, FROM
12/1/2018 TO 2/28/2019...

CLIMATE NORMAL PERIOD 1981 TO 2010
CLIMATE RECORD PERIOD 1897 TO 2019

WEATHER         OBSERVED          NORMAL  DEPART  LAST YEAR`S
                 VALUE   DATE(S)  VALUE   FROM    VALUE
                                          NORMAL
.............................................................
TEMPERATURE (F)
RECORD
 HIGH              81   02/20/2018
 LOW              -24   02/09/1899
HIGHEST            73   02/07                         81
LOWEST              1   01/31                         -1
AVG. MAXIMUM     47.7              44.6     3.1     46.4
AVG. MINIMUM     31.1              27.3     3.8     28.3
MEAN             39.4              36.0     3.4     37.3
DAYS MAX >= 90      0               0.0     0.0        0
DAYS MAX <= 32      8              14.1    -6.1       21
DAYS MIN <= 32     56              61.1    -5.1       58
DAYS MIN <= 0       0               0.9    -0.9        2

PRECIPITATION (INCHES)
RECORD
 MAXIMUM        18.74   1937
 MINIMUM         4.99   1941
TOTALS          14.58              9.35    5.23    13.39
DAILY AVG.       0.16              0.10    0.06     0.15
DAYS >= .01        40              38.2     1.8       36
DAYS >= .10        24              20.2     3.8       22
DAYS >= .50        11               5.9     5.1        9
DAYS >= 1.00        3               1.6     1.4        5
GREATEST
 24 HR. TOTAL    1.55   MM

SNOWFALL (INCHES)
RECORDS
 TOTAL           45.3   1936
 24 HR TOTAL     14.0   01/18/1939 TO 01/19/1939
TOTALS            4.1              18.1   -14.0      7.2
SINCE 7/1         4.9              18.9   -14.0      7.2
DAYS >= TRACE      23              14.7     8.3       28
DAYS >= 1.0         2               5.4    -3.4        2
GREATEST
 24 HR TOTAL      1.1   MM

DEGREE_DAYS
HEATING TOTAL    2294              2614    -320     2478
 SINCE 7/1         MM              3501      MM       MM
COOLING TOTAL       0                 1      -1        7
 SINCE 1/1          0                 0       0        7
..............................................................

WIND (MPH)
AVERAGE WIND SPEED              6.3
HIGHEST WIND SPEED/DIRECTION    35/250    DATE  02/25
HIGHEST GUST SPEED/DIRECTION    51/270    DATE  02/25

SKY COVER
POSSIBLE SUNSHINE (PERCENT)   MM
AVERAGE SKY COVER           0.60
NUMBER OF DAYS FAIR           23
NUMBER OF DAYS PC             32
NUMBER OF DAYS CLOUDY         35

AVERAGE RH (PERCENT)     70

-  INDICATES NEGATIVE NUMBERS.
R  INDICATES RECORD WAS SET OR TIED.
MM INDICATES DATA IS MISSING.
T  INDICATES TRACE AMOUNT.

$$
