000
CXUS53 KDVN 011620
CLSIOW


CLIMATE REPORT
NATIONAL WEATHER SERVICE QUAD CITIES IA IL
1020 AM CST FRI MAR 1 2019

...................................

...THE IOWA CITY IA CLIMATE SUMMARY FOR THE SEASON, FROM
12/1/2018 TO 2/28/2019...

CLIMATE NORMAL PERIOD 1981 TO 2010
CLIMATE RECORD PERIOD 9999 TO 9999

WEATHER         OBSERVED          NORMAL  DEPART
                 VALUE   DATE(S)  VALUE   FROM
                                          NORMAL
................................................
TEMPERATURE (F)
HIGHEST            54   01/05        40      14
LOWEST            -28   01/31        14     -42
AVG. MAXIMUM     31.9              32.4    -0.5
AVG. MINIMUM     14.7              16.6    -1.9
MEAN             23.3              24.5    -1.2
DAYS MAX >= 90      0
DAYS MAX <= 32     46
DAYS MIN <= 32     83
DAYS MIN <= 0      13

PRECIPITATION (INCHES)
TOTALS           6.58              3.68    2.90
DAILY AVG.       0.07              0.04    0.03
DAYS >= .01        26
DAYS >= .10        16
DAYS >= .50         4
DAYS >= 1.00        1
GREATEST
 24 HR. TOTAL    1.30   02/23 TO 02/23

DEGREE_DAYS
HEATING TOTAL    3724              3644      80
 SINCE 7/1       5216              4950     266
COOLING TOTAL       0                 0       0
 SINCE 1/1          0                 0       0
.................................................

WIND (MPH)
AVERAGE WIND SPEED              8.5
HIGHEST WIND SPEED/DIRECTION    37/280    DATE  02/24
HIGHEST GUST SPEED/DIRECTION    53/300    DATE  02/24

SKY COVER
POSSIBLE SUNSHINE (PERCENT)   MM
AVERAGE SKY COVER           0.60
NUMBER OF DAYS FAIR           30
NUMBER OF DAYS PC             27
NUMBER OF DAYS CLOUDY         33

AVERAGE RH (PERCENT)     78

WEATHER CONDITIONS. NUMBER OF DAYS WITH
THUNDERSTORM              1     HAIL                       0
SLEET                     0     FOG                       54
FOG W/VIS <= 1/4 MILE     6     HAZE                      27


-  INDICATES NEGATIVE NUMBERS.
R  INDICATES RECORD WAS SET OR TIED.
MM INDICATES DATA IS MISSING.
T  INDICATES TRACE AMOUNT.

$$


NOTE: SUPPLEMENTAL CLIMATE DATA WAS USED FROM A NEARBY
CLIMATOLOGICALLY REPRESENTATIVE STATION.
