000
CXUS53 KEAX 010738
CLSIRK

CLIMATE REPORT
NATIONAL WEATHER SERVICE KANSAS CITY/PLEASANT HILL MO
134 AM CST FRI MAR 1 2019

...................................

...THE KIRKSVILLE CLIMATE SUMMARY FOR THE SEASON, FROM
12/1/2018 TO 2/28/2019...

CLIMATE NORMAL PERIOD 1981 TO 2010
CLIMATE RECORD PERIOD 9999 TO 9999

WEATHER         OBSERVED          NORMAL  DEPART  LAST YEAR`S
                 VALUE   DATE(S)  VALUE   FROM    VALUE  DATE(S)
                                          NORMAL
................................................................
TEMPERATURE (F)
HIGHEST            61   01/07        63      -2       69  12/04
LOWEST            -16   01/30        -5     -11      -16  01/01
AVG. MAXIMUM     36.3              37.1    -0.8     38.0
AVG. MINIMUM     19.5              19.3     0.2     18.3
MEAN             27.9              28.2    -0.3     28.2
DAYS MAX >= 90      0               0.0     0.0        0
DAYS MAX <= 32     37              33.3     3.7       33
DAYS MIN <= 32     81              78.6     2.4       76
DAYS MIN <= 0       4               8.1    -4.1       13

PRECIPITATION (INCHES)
TOTALS           6.59              4.55    2.04     4.89
DAILY AVG.       0.07              0.05    0.02     0.06
DAYS >= .01        32              20.3    11.7       25
DAYS >= .10        14               9.9     4.1       11
DAYS >= .50         5               2.6     2.4        3
DAYS >= 1.00        1               0.9     0.1        1
GREATEST
 24 HR. TOTAL    1.10   MM

DEGREE_DAYS
HEATING TOTAL    3312              3312       0     3300
COOLING TOTAL       0                 0       0        0
.................................................................

WIND (MPH)
AVERAGE WIND SPEED              9.5
HIGHEST WIND SPEED/DIRECTION    33/290    DATE  01/28
HIGHEST GUST SPEED/DIRECTION    50/310    DATE  02/24

SKY COVER
POSSIBLE SUNSHINE (PERCENT)   MM
AVERAGE SKY COVER           0.50
NUMBER OF DAYS FAIR           36
NUMBER OF DAYS PC             25
NUMBER OF DAYS CLOUDY         29

AVERAGE RH (PERCENT)     83

-  INDICATES NEGATIVE NUMBERS.
R  INDICATES RECORD WAS SET OR TIED.
MM INDICATES DATA IS MISSING.
T  INDICATES TRACE AMOUNT.

$$
