785
CXUS53 KBIS 121442
CLSISN

CLIMATE REPORT
NATIONAL WEATHER SERVICE BISMARCK ND
929 AM CDT TUE MAR 12 2019

...................................
...THE WILLISTON ND CLIMATE SUMMARY FOR THE SEASON, FROM 12/1/2018
TO 2/28/2019...

CLIMATE NORMAL PERIOD 1981 TO 2010
CLIMATE RECORD PERIOD 1894 TO 2019

WEATHER         OBSERVED          NORMAL  DEPART  LAST YEAR`S
                 VALUE   DATE(S)  VALUE   FROM    VALUE  DATE(S)
                                          NORMAL
................................................................
TEMPERATURE (F)
RECORD
 HIGH              66   02/27/1992
                        02/27/1932
 LOW              -50   12/23/1983
                        02/16/1936
HIGHEST            50   12/15        MM      MM       51  12/12
LOWEST            -43   02/08        MM      MM      -31  02/12
                                                          12/31
AVG. MAXIMUM     21.4              24.5    -3.1     22.0
AVG. MINIMUM      2.6               3.2    -0.6     -0.5
MEAN             12.0              13.8    -1.8     10.8
DAYS MAX >= 90      0               0.0     0.0        0
DAYS MAX <= 32     64              57.3     6.7       59
DAYS MIN <= 32     90              89.3     0.7       89
DAYS MIN <= 0      32              36.0    -4.0       45

PRECIPITATION (INCHES)
RECORD
 MAXIMUM         4.76   2009
 MINIMUM         0.58   2012
TOTALS           2.68              1.60    1.08     1.11
DAILY AVG.       0.03              0.02    0.01     0.01
DAYS >= .01        30              22.1     7.9       16
DAYS >= .10         9               4.5     4.5        6
DAYS >= .50         1               0.4     0.6        0
DAYS >= 1.00        0               0.0     0.0        0
GREATEST
 24 HR. TOTAL    0.65   DEGREE_DAYS
HEATING TOTAL    4697
COOLING TOTAL       0
.................................................................

WIND (MPH)
HIGHEST WIND SPEED/DIRECTION    41/350    DATE  01/27
HIGHEST GUST SPEED/DIRECTION    64/360    DATE  01/27



-  INDICATES NEGATIVE NUMBERS.
R  INDICATES RECORD WAS SET OR TIED.
MM INDICATES DATA IS MISSING.
T  INDICATES TRACE AMOUNT.
...................................

$$
