000
CXUS51 KOKX 011413 RRB
CLSISP

CLIMATE REPORT
NATIONAL WEATHER SERVICE NEW YORK NY
911 AM EST FRI MAR 1 2019

...................................

...THE ISLIP NY CLIMATE SUMMARY FOR THE SEASON, FROM
12/1/2018 TO 2/28/2019...

CLIMATE NORMAL PERIOD 1981 TO 2010
CLIMATE RECORD PERIOD 1963 TO 2019

WEATHER         OBSERVED          NORMAL  DEPART  LAST YEAR`S
                 VALUE   DATE(S)  VALUE   FROM    VALUE
                                          NORMAL
.............................................................
TEMPERATURE (F)
RECORD
 HIGH              77   12/07/1998
 LOW               -7   01/15/1988
                        01/22/1984
HIGHEST            61   02/05        MM      MM
LOWEST              3   01/31        MM      MM
AVG. MAXIMUM     42.3              40.4     1.9
AVG. MINIMUM     26.8              25.6     1.2
MEAN             34.5              33.0     1.5
DAYS MAX >= 90      0               0.0     0.0
DAYS MAX <= 32      7              16.9    -9.9
DAYS MIN <= 32     69              68.4     0.6
DAYS MIN <= 0       0               0.1    -0.1

PRECIPITATION (INCHES)
RECORD
 MAXIMUM        18.06   1998
 MINIMUM         5.38   2002
TOTALS          14.05             10.96    3.09    12.07
DAILY AVG.       0.15              0.12    0.03
DAYS >= .01        31              30.9     0.1
DAYS >= .10        21              19.5     1.5
DAYS >= .50        10               7.5     2.5
DAYS >= 1.00        7               2.4     4.6
GREATEST
 24 HR. TOTAL    1.65   MM
 STORM TOTAL       MM
 (MM/DD(HH))            MM

SNOWFALL (INCHES)
RECORDS
 TOTAL           57.8   2014
 24 HR TOTAL     23.4   MM
TOTALS            4.4              19.2   -14.8
 LIQUID EQUIV    0.44              1.90   -1.46
SINCE 7/1         8.7              19.7   -11.0
 LIQUID 7/1      0.87
DAYS >= TRACE      15               9.5     5.5
DAYS >= 1.0         2               5.7    -3.7
GREATEST
 SNOW DEPTH         1   02/13
                        01/18
 24 HR TOTAL      2.0   MM
 STORM TOTAL       MM
 (MM/DD(HH))            MM

DEGREE_DAYS
HEATING TOTAL    2716              2879    -163
 SINCE 7/1         MM              3895      MM
COOLING TOTAL       0                 0       0
 SINCE 1/1          0                 0       0
..............................................................

WIND (MPH)
AVERAGE WIND SPEED              9.9
HIGHEST WIND SPEED/DIRECTION    38/180    DATE  01/24
HIGHEST GUST SPEED/DIRECTION    56/270    DATE  02/25

SKY COVER
POSSIBLE SUNSHINE (PERCENT)   MM
AVERAGE SKY COVER           0.70
NUMBER OF DAYS FAIR           15
NUMBER OF DAYS PC             43
NUMBER OF DAYS CLOUDY         32

AVERAGE RH (PERCENT)     67

WEATHER CONDITIONS. NUMBER OF DAYS WITH
  0
 15
  0
  0
  5
  3
 12
HAZE                      1

-  INDICATES NEGATIVE NUMBERS.
R  INDICATES RECORD WAS SET OR TIED.
MM INDICATES DATA IS MISSING.
T  INDICATES TRACE AMOUNT.

$$
