806
CXUS53 KJKL 012154 CCA
CLSJKL

CLIMATE REPORT...CORRECTION
NATIONAL WEATHER SERVICE JACKSON KY
254 PM EST FRI MAR 1 2019

...................................

...THE JACKSON KY CLIMATE SUMMARY FOR THE SEASON, FROM
12/1/2018 TO 2/28/2019...

CLIMATE NORMAL PERIOD 1981 TO 2010
CLIMATE RECORD PERIOD 1981 TO 2019

WEATHER         OBSERVED          NORMAL  DEPART  LAST YEAR`S
                 VALUE   DATE(S)  VALUE   FROM    VALUE  DATE(S)
                                          NORMAL
................................................................
TEMPERATURE (F)
RECORD
 HIGH              80   02/23/2018
                        02/21/2018
                        02/20/2018
 LOW              -18   01/19/1994
                        01/21/1985
                        01/20/1985
HIGHEST            73   02/07        MM      MM       80  02/23
                                                          02/20
                                                          02/21
LOWEST              4   01/30        MM      MM        0  01/02
AVG. MAXIMUM     48.2              45.5     2.7     47.6
AVG. MINIMUM     32.4              28.9     3.5     29.9
MEAN             40.3              37.2     3.1     38.7
DAYS MAX >= 90      0               0.0     0.0        0
DAYS MAX <= 32      9              13.3    -4.3       20
DAYS MIN <= 32     48              55.2    -7.2       50
DAYS MIN <= 0       0               1.0    -1.0        1

PRECIPITATION (INCHES)
RECORD
 MAXIMUM        20.59   1991
 MINIMUM         6.06   2007
TOTALS          20.60R            11.54    9.06    13.20
DAILY AVG.       0.23              0.13    0.10     0.15
DAYS >= .01        48              41.2     6.8       41
DAYS >= .10        31              23.3     7.7       21
DAYS >= .50        15               7.5     7.5       10
DAYS >= 1.00        6               2.6     3.4        2
GREATEST
 24 HR. TOTAL    1.79   02/20 TO 02/20              2.03

SNOWFALL (INCHES)
RECORDS
 TOTAL           50.3   2010
 24 HR TOTAL     15.7   01/22/2016 TO 01/22/2016
TOTALS            6.4              19.0   -12.6     10.4
SINCE 7/1         8.1              19.6   -11.5     10.4
SNOWDEPTH AVG.      0                MM      MM        0
DAYS >= 1.0         1               6.2    -5.2        5
GREATEST
 24 HR TOTAL      2.9   02/16 TO 02/16               4.1

DEGREE_DAYS
HEATING TOTAL    2201              2500    -299     2380
 SINCE 7/1       3150              3300    -150     3102
COOLING TOTAL       0                 1      -1       12
 SINCE 1/1          0                 0       0       12
.................................................................

WIND (MPH)
AVERAGE WIND SPEED              4.8
RESULTANT WIND SPEED/DIRECTION   1/184
HIGHEST WIND SPEED/DIRECTION    26/300    DATE  01/08
HIGHEST GUST SPEED/DIRECTION    49/280    DATE  01/08

SKY COVER
POSSIBLE SUNSHINE (PERCENT)   MM
NUMBER OF DAYS FAIR           23
NUMBER OF DAYS PC             28
NUMBER OF DAYS CLOUDY         39

AVERAGE RH (PERCENT)     74

WEATHER CONDITIONS. NUMBER OF DAYS WITH
THUNDERSTORM              3     MIXED PRECIP               0
HEAVY RAIN               18     RAIN                      31
LIGHT RAIN               46     FREEZING RAIN              2
LT FREEZING RAIN          4     HAIL                       0
HEAVY SNOW                0     SNOW                       4
LIGHT SNOW               26     SLEET                      4
FOG                      59     FOG W/VIS <= 1/4 MILE     18
HAZE                      1

-  INDICATES NEGATIVE NUMBERS.
R  INDICATES RECORD WAS SET OR TIED.
MM INDICATES DATA IS MISSING.
T  INDICATES TRACE AMOUNT.

$$

CARICO

...CORRECTED MEAN TEMPERATURE...
