000
CXUS53 KGRR 021638
CLSLAN

WRKCLMLAN 000
TTAA00 KGRR 021630


CLIMATE REPORT
NATIONAL WEATHER SERVICE GRAND RAPIDS, MI
1226 PM EDT SUN JUN 2 2019

...................................

...THE LANSING MI CLIMATE SUMMARY FOR THE SEASON, FROM
3/1/2019 TO 5/31/2019...

CLIMATE NORMAL PERIOD 1981 TO 2010
CLIMATE RECORD PERIOD 1864 TO 2019

WEATHER         OBSERVED          NORMAL  DEPART  LAST YEAR`S
                 VALUE   DATE(S)  VALUE   FROM    VALUE  DATE(S)
                                          NORMAL
................................................................
TEMPERATURE (F)
RECORD
 HIGH              96   05/28/1874
 LOW              -25   03/02/1868
HIGHEST            81   05/25        85      -4       93  05/28
LOWEST              4   03/06         3       1       16  04/08
AVG. MAXIMUM     54.7              56.9    -2.2     55.8
AVG. MINIMUM     35.5              36.6    -1.1     36.2
MEAN             45.1              46.7    -1.6     46.0
DAYS MAX >= 90      0               0.0     0.0        3
DAYS MAX <= 32      6               4.9     1.1        2
DAYS MIN <= 32     31              32.5    -1.5       48
DAYS MIN <= 0       0               0.5    -0.5        0

PRECIPITATION (INCHES)
RECORD
 MAXIMUM        14.96   2011
 MINIMUM         3.53   1958
TOTALS           8.07              8.45   -0.38     9.33
DAILY AVG.       0.09              0.09    0.00     0.10
DAYS >= .01        47              34.9    12.1       33
DAYS >= .10        22              19.5     2.5       18
DAYS >= .50         4               5.0    -1.0        9
DAYS >= 1.00        0               1.2    -1.2        1
GREATEST
 24 HR. TOTAL    0.74   04/14 TO 04/14

SNOWFALL (INCHES)
RECORDS
 TOTAL           34.8   1877
 24 HR TOTAL     13.9   03/17/1973 TO 03/17/1973
                        03/09/1919 TO 03/09/1919
 SNOW DEPTH        20   03/05/1875
                        03/03/1875
TOTALS            2.2               8.9    -6.7      8.0
SINCE 7/1        34.5              51.1   -16.6     53.3
SNOWDEPTH AVG.      0                MM      MM        0
DAYS >= TRACE      13               7.6     5.4       22
DAYS >= 1.0         0               2.9    -2.9        4
GREATEST
 SNOW DEPTH         3   03/01                          1  04/17
                                                          04/04
                                                          03/07
 24 HR TOTAL      0.9   04/14 TO 04/14

DEGREE_DAYS
HEATING TOTAL    1811              1722      89     1825
 SINCE 7/1         MM              6657      MM       MM
COOLING TOTAL       4                40     -36      110
 SINCE 1/1          4                41     -37      110

FREEZE DATES
RECORD
 EARLIEST     08/03/1894
 LATEST       07/15/1863
EARLIEST                        10/01
LATEST                          05/10
.................................................................

WIND (MPH)
AVERAGE WIND SPEED              9.5
RESULTANT WIND SPEED/DIRECTION   2/259
HIGHEST WIND SPEED/DIRECTION    36/250    DATE  03/10
HIGHEST GUST SPEED/DIRECTION    48/250    DATE  03/10

SKY COVER
POSSIBLE SUNSHINE (PERCENT)   MM
AVERAGE SKY COVER           0.50
NUMBER OF DAYS FAIR           28
NUMBER OF DAYS PC             38
NUMBER OF DAYS CLOUDY         26

AVERAGE RH (PERCENT)     71

WEATHER CONDITIONS. NUMBER OF DAYS WITH
  0
 15
  0
  0
  2
  0
  4
HAZE                     11

-  INDICATES NEGATIVE NUMBERS.
R  INDICATES RECORD WAS SET OR TIED.
MM INDICATES DATA IS MISSING.
T  INDICATES TRACE AMOUNT.

$$
