000
CXUS51 KOKX 011528
CLSLGA

CLIMATE REPORT
NATIONAL WEATHER SERVICE NEW YORK NY
1026 AM EST FRI MAR 1 2019

...................................

...THE LAGUARDIA NY CLIMATE SUMMARY FOR THE SEASON, FROM
12/1/2018 TO 2/28/2019...

CLIMATE NORMAL PERIOD 1981 TO 2010
CLIMATE RECORD PERIOD 1939 TO 2019

WEATHER         OBSERVED          NORMAL  DEPART  LAST YEAR`S
                 VALUE   DATE(S)  VALUE   FROM    VALUE
                                          NORMAL
.............................................................
TEMPERATURE (F)
RECORD
 HIGH              95   01/12/2015
 LOW               -7   02/15/1943
HIGHEST            65   02/05        MM      MM
LOWEST              3   01/31        MM      MM
AVG. MAXIMUM     42.5              41.9     0.6
AVG. MINIMUM     30.5              29.1     1.4
MEAN             36.5              35.5     1.0
DAYS MAX >= 90      0               0.0     0.0
DAYS MAX <= 32      7              13.6    -6.6
DAYS MIN <= 32     52              53.4    -1.4
DAYS MIN <= 0       0               0.1    -0.1

PRECIPITATION (INCHES)
RECORD
 MAXIMUM        17.86   1979
 MINIMUM         4.73   2002
TOTALS          14.17              9.49    4.68    10.12
DAILY AVG.       0.16              0.11    0.05
DAYS >= .01        31              30.4     0.6
DAYS >= .10        22              17.9     4.1
DAYS >= .50        10               6.6     3.4
DAYS >= 1.00        6               2.2     3.8
GREATEST
 24 HR. TOTAL    1.92   MM
 STORM TOTAL       MM
 (MM/DD(HH))            MM

SNOWFALL (INCHES)
RECORDS
 TOTAL           52.1   2014
 24 HR TOTAL     27.9   MM
TOTALS            3.6              21.7   -18.1
 LIQUID EQUIV    0.36              2.20   -1.84
SINCE 7/1         8.3              22.0   -13.7
 LIQUID 7/1      0.83
DAYS >= TRACE      13              10.6     2.4
DAYS >= 1.0         2               4.9    -2.9
GREATEST
 SNOW DEPTH         1   02/20
                        02/13
                        02/12
 24 HR TOTAL      1.5   MM
 STORM TOTAL       MM
 (MM/DD(HH))            MM

DEGREE_DAYS
HEATING TOTAL    2543              2654    -111
 SINCE 7/1         MM              3429      MM
COOLING TOTAL       0                 0       0
 SINCE 1/1          0                 0       0
..............................................................

WIND (MPH)
AVERAGE WIND SPEED              12.1
HIGHEST WIND SPEED/DIRECTION    43/270    DATE  02/25
HIGHEST GUST SPEED/DIRECTION    58/270    DATE  02/25

SKY COVER
POSSIBLE SUNSHINE (PERCENT)   MM
AVERAGE SKY COVER           0.70
NUMBER OF DAYS FAIR            9
NUMBER OF DAYS PC             43
NUMBER OF DAYS CLOUDY         38

AVERAGE RH (PERCENT)     59

WEATHER CONDITIONS. NUMBER OF DAYS WITH
  0
 22
  0
  0
  5
  3
  4
HAZE                      8

-  INDICATES NEGATIVE NUMBERS.
R  INDICATES RECORD WAS SET OR TIED.
MM INDICATES DATA IS MISSING.
T  INDICATES TRACE AMOUNT.

$$
