000
CXUS53 KJKL 011604
CLSLOZ

CLIMATE REPORT
NATIONAL WEATHER SERVICE JACKSON KY
1104 AM EST THU MAR 1 2018

...................................

...THE LONDON KY CLIMATE SUMMARY FOR THE SEASON, FROM
12/1/2017 TO 2/28/2018...

CLIMATE NORMAL PERIOD 1981 TO 2010
CLIMATE RECORD PERIOD 1954 TO 2018

WEATHER         OBSERVED          NORMAL  DEPART  LAST YEAR`S
                 VALUE   DATE(S)  VALUE   FROM    VALUE  DATE(S)
                                          NORMAL
................................................................
TEMPERATURE (F)
RECORD
 HIGH              81   02/26/1977
 LOW              -25   01/19/1994
HIGHEST            77   02/23        MM      MM       76  02/24
                        02/20
LOWEST             -7   01/17        MM      MM        8  01/08
                                                          01/07
AVG. MAXIMUM     48.4              47.3     1.1     52.0
AVG. MINIMUM     28.8              28.3     0.5     33.1
MEAN             38.6              37.8     0.8     42.4
DAYS MAX >= 90      0               0.0     0.0        0
DAYS MAX <= 32     17               9.7     7.3        7
DAYS MIN <= 32     55              58.7    -3.7       44
DAYS MIN <= 0       3               0.9     2.1        0

PRECIPITATION (INCHES)
RECORD
 MAXIMUM        25.70   1979
 MINIMUM         5.06   1977
TOTALS          13.35             11.49    1.86       MM
DAILY AVG.       0.15              0.13    0.02     0.13
DAYS >= .01        36              34.8     1.2       41
DAYS >= .10        22              21.9     0.1       27
DAYS >= .50        11               8.0     3.0        9
DAYS >= 1.00        2               2.8    -0.8        1
GREATEST
 24 HR. TOTAL    1.84   02/10 TO 02/10              1.45

SNOWFALL (INCHES)
RECORDS
 TOTAL           36.7   1979
TOTALS             MM               8.7      MM       MM
SINCE 7/1          MM               8.7      MM       MM
SNOWDEPTH AVG.     MM                MM      MM       MM
DAYS >= 1.0        MM               4.0      MM       MM
GREATEST
 24 HR TOTAL       MM                                 MM

DEGREE_DAYS
HEATING TOTAL      MM              2446      MM     2004
 SINCE 7/1         MM              3276      MM     2595
COOLING TOTAL       8                 1       7        0
 SINCE 1/1          8                 0       8        0
.................................................................

WIND (MPH)
AVERAGE WIND SPEED              5.9
RESULTANT WIND SPEED/DIRECTION   2/241
HIGHEST WIND SPEED/DIRECTION    32/280    DATE  02/25
HIGHEST GUST SPEED/DIRECTION    47/190    DATE  12/23

SKY COVER
POSSIBLE SUNSHINE (PERCENT)   MM
NUMBER OF DAYS FAIR           26
NUMBER OF DAYS PC             32
NUMBER OF DAYS CLOUDY         32

AVERAGE RH (PERCENT)     69

WEATHER CONDITIONS. NUMBER OF DAYS WITH
THUNDERSTORM              1     MIXED PRECIP               0
HEAVY RAIN               12     RAIN                      18
LIGHT RAIN               32     FREEZING RAIN              0
LT FREEZING RAIN          2     HAIL                       0
HEAVY SNOW                0     SNOW                       1
LIGHT SNOW               12     SLEET                      0
FOG                      38     FOG W/VIS <= 1/4 MILE      9
HAZE                      7

-  INDICATES NEGATIVE NUMBERS.
R  INDICATES RECORD WAS SET OR TIED.
MM INDICATES DATA IS MISSING.
T  INDICATES TRACE AMOUNT.

$$

CARICO

...HEATING DEGREE DAY TOTALS MISSING DUE TO SENSOR ERROR...
