000
CXUS53 KJKL 011956
CLSLOZ

CLIMATE REPORT
NATIONAL WEATHER SERVICE JACKSON KY
256 PM EST FRI MAR 1 2019

...................................

...THE LONDON KY CLIMATE SUMMARY FOR THE SEASON, FROM
12/1/2018 TO 2/28/2019...

CLIMATE NORMAL PERIOD 1981 TO 2010
CLIMATE RECORD PERIOD 1954 TO 2019

WEATHER         OBSERVED          NORMAL  DEPART  LAST YEAR`S
                 VALUE   DATE(S)  VALUE   FROM    VALUE  DATE(S)
                                          NORMAL
................................................................
TEMPERATURE (F)
RECORD
 HIGH              81   02/26/1977
 LOW              -25   01/19/1994
HIGHEST            73   02/07        MM      MM       77  02/23
                                                          02/20
LOWEST              9   01/31        MM      MM       -7  01/17
                        01/21
                        01/30
AVG. MAXIMUM     48.7              47.3     1.4     48.4
AVG. MINIMUM     32.2              28.3     3.9     28.8
MEAN             40.4              37.8     2.6     38.6
DAYS MAX >= 90      0               0.0     0.0        0
DAYS MAX <= 32      7               9.7    -2.7       17
DAYS MIN <= 32     48              58.7   -10.7       55
DAYS MIN <= 0       0               0.9    -0.9        3

PRECIPITATION (INCHES)
RECORD
 MAXIMUM        25.70   1979
 MINIMUM         5.06   1977
TOTALS          23.55*            11.49   12.06    13.35
DAILY AVG.       0.27              0.13    0.14     0.15
DAYS >= .01        42              34.8     7.2       36
DAYS >= .10        34              21.9    12.1       22
DAYS >= .50        18               8.0    10.0       11
DAYS >= 1.00        8               2.8     5.2        2
GREATEST
 24 HR. TOTAL    2.33   02/20 TO 02/20              1.84

SNOWFALL (INCHES)
RECORDS
 TOTAL           36.7   1979
TOTALS             MM               8.7      MM       MM
SINCE 7/1          MM               8.7      MM       MM
SNOWDEPTH AVG.     MM                MM      MM       MM
DAYS >= 1.0        MM               4.0      MM       MM
GREATEST
 24 HR TOTAL       MM                                 MM

DEGREE_DAYS
HEATING TOTAL    2191              2446    -255     2311
 SINCE 7/1       3144              3276    -132     3092
COOLING TOTAL       0                 1      -1        8
 SINCE 1/1          0                 0       0        8
.................................................................

WIND (MPH)
AVERAGE WIND SPEED              6.1
RESULTANT WIND SPEED/DIRECTION   2/250
HIGHEST WIND SPEED/DIRECTION    35/250    DATE  12/31
HIGHEST GUST SPEED/DIRECTION    50/250    DATE  12/31

SKY COVER
POSSIBLE SUNSHINE (PERCENT)   MM
NUMBER OF DAYS FAIR           19
NUMBER OF DAYS PC             34
NUMBER OF DAYS CLOUDY         36

AVERAGE RH (PERCENT)     77

WEATHER CONDITIONS. NUMBER OF DAYS WITH
THUNDERSTORM              5     MIXED PRECIP               0
HEAVY RAIN               14     RAIN                      29
LIGHT RAIN               48     FREEZING RAIN              1
LT FREEZING RAIN          1     HAIL                       0
HEAVY SNOW                0     SNOW                       1
LIGHT SNOW               11     SLEET                      0
FOG                      53     FOG W/VIS <= 1/4 MILE      3
HAZE                      1

-  INDICATES NEGATIVE NUMBERS.
R  INDICATES RECORD WAS SET OR TIED.
MM INDICATES DATA IS MISSING.
T  INDICATES TRACE AMOUNT.

$$

CARICO

...*SEASONAL PRECIPITATION TOTAL INCOMPLETE DUE TO SENSOR
ERROR ON FEBRUARY 28TH...
