000
CXUS53 KILX 012210 CCA
CLSLWV

CLIMATE REPORT
NATIONAL WEATHER SERVICE LINCOLN IL
1037 AM CST FRI MAR 1 2019

...................................

...THE LAWRENCEVILLE IL AIRPORT CLIMATE SUMMARY FOR THE WINTER SEASON,
FROM 12/1/2018 TO 2/28/2019...

CLIMATE NORMAL PERIOD 1981 TO 2010
CLIMATE RECORD PERIOD 9999 TO 9999

WEATHER         OBSERVED          NORMAL  DEPART  LAST YEAR`S
                 VALUE   DATE(S)  VALUE   FROM    VALUE
                                          NORMAL
.............................................................
TEMPERATURE (F)
RECORD
 HIGH              MM   MM
 LOW               MM   MM
HIGHEST            65   02/03        MM      MM       78
LOWEST             -4   01/30        MM      MM       -9
AVG. MAXIMUM     43.9              41.8     2.1     42.3
AVG. MINIMUM     27.8              25.5     2.3     23.8
MEAN             35.8              33.7     2.1     33.1
DAYS MAX >= 90      0               0.0     0.0        0
DAYS MAX <= 32     11              16.8    -5.8       24
DAYS MIN <= 32     63              64.5    -1.5       66
DAYS MIN <= 0       1               2.2    -1.2        5

PRECIPITATION (INCHES)
RECORD
 MAXIMUM           MM   MM
 MINIMUM           MM   MM
TOTALS          14.48              7.78    6.70     9.13
DAILY AVG.       0.17                               0.10
DAYS >= .01        32                MM      MM       30
DAYS >= .10        18                MM      MM       17
DAYS >= .50        11                MM      MM        6
DAYS >= 1.00        4                MM      MM        2
GREATEST
 24 HR. TOTAL    3.22   02/07 TO 02/07              1.80

DEGREE_DAYS
HEATING TOTAL    2608              2817    -209     2845
 SINCE 7/1       3690              3675      15     3614
COOLING TOTAL       0                 0       0        1
 SINCE 1/1          0                 0       0        1

FREEZE DATES
RECORD
 EARLIEST     MM
 LATEST       MM
EARLIEST                        MM
LATEST                          MM
..............................................................

WIND (MPH)
AVERAGE WIND SPEED              9.8
HIGHEST WIND SPEED/DIRECTION    41/130    DATE  12/27
HIGHEST GUST SPEED/DIRECTION    52/280    DATE  02/24

SKY COVER
POSSIBLE SUNSHINE (PERCENT)   MM
AVERAGE SKY COVER           0.60
NUMBER OF DAYS FAIR           31
NUMBER OF DAYS PC             23
NUMBER OF DAYS CLOUDY         36

AVERAGE RH (PERCENT)     74

WEATHER CONDITIONS. NUMBER OF DAYS WITH
THUNDERSTORM              3     MIXED PRECIP               0
HEAVY RAIN               13     RAIN                      14
LIGHT RAIN               31     FREEZING RAIN              3
LT FREEZING RAIN          4     HAIL                       0
HEAVY SNOW                1     SNOW                       2
LIGHT SNOW               24     SLEET                      0
FOG                      56     FOG W/VIS <= 1/4 MILE      9
HAZE                     34

-  INDICATES NEGATIVE NUMBERS.
R  INDICATES RECORD WAS SET OR TIED.
MM INDICATES DATA IS MISSING.
T  INDICATES TRACE AMOUNT.

$$
