000
CXUS53 KEAX 010737
CLSMCI

CLIMATE REPORT
NATIONAL WEATHER SERVICE KANSAS CITY/PLEASANT HILL MO
134 AM CST FRI MAR 1 2019

...................................

...THE KANSAS CITY INTERNATIONAL CLIMATE SUMMARY FOR THE SEASON, FROM
12/1/2018 TO 2/28/2019...

CLIMATE NORMAL PERIOD 1981 TO 2010
CLIMATE RECORD PERIOD 1888 TO 2019

WEATHER         OBSERVED          NORMAL  DEPART  LAST YEAR`S
                 VALUE   DATE(S)  VALUE   FROM    VALUE  DATE(S)
                                          NORMAL
................................................................
TEMPERATURE (F)
RECORD
 HIGH              81   02/24/1930
 LOW              -23   12/23/1989
                        12/22/1989
HIGHEST            64   02/03        67      -3       72  12/04
LOWEST             -6   01/30         0      -6      -11  01/01
AVG. MAXIMUM     38.6              40.5    -1.9     41.2
AVG. MINIMUM     21.7              22.0    -0.3     20.6
MEAN             30.1              31.2    -1.1     30.9
DAYS MAX >= 90      0               0.0     0.0        0
DAYS MAX <= 32     29              24.5     4.5       27
DAYS MIN <= 32     81              74.7     6.3       73
DAYS MIN <= 0       2               5.1    -3.1        8

PRECIPITATION (INCHES)
RECORD
 MAXIMUM         8.62   1911
 MINIMUM         0.58   1920
TOTALS           6.97              4.06    2.91     2.64
DAILY AVG.       0.08              0.05    0.03     0.03
DAYS >= .01        31              20.6    10.4       15
DAYS >= .10        13               9.3     3.7        8
DAYS >= .50         5               2.3     2.7        1
DAYS >= 1.00        0               0.6    -0.6        0
GREATEST
 24 HR. TOTAL    0.94   MM

SNOWFALL (INCHES)
RECORDS
 TOTAL           53.3   1962
TOTALS           18.5              14.8     3.7      5.8
SINCE 7/1        26.3              16.2    10.1      5.8
DAYS >= TRACE      32              11.2    20.8       18
DAYS >= 1.0         7               4.6     2.4        3
GREATEST
 SNOW DEPTH         5   02/20
                        01/14
                        01/13
 24 HR TOTAL      3.8   MM

DEGREE_DAYS
HEATING TOTAL    3103              3043      60     3047
COOLING TOTAL       0                 0       0        0
.................................................................

WIND (MPH)
AVERAGE WIND SPEED              10.5
HIGHEST WIND SPEED/DIRECTION    39/120    DATE  12/27
HIGHEST GUST SPEED/DIRECTION    63/310    DATE  01/28

SKY COVER
POSSIBLE SUNSHINE (PERCENT)   MM
AVERAGE SKY COVER           0.70
NUMBER OF DAYS FAIR           20
NUMBER OF DAYS PC             29
NUMBER OF DAYS CLOUDY         41

AVERAGE RH (PERCENT)     74

-  INDICATES NEGATIVE NUMBERS.
R  INDICATES RECORD WAS SET OR TIED.
MM INDICATES DATA IS MISSING.
T  INDICATES TRACE AMOUNT.

$$
