724
CXUS53 KMKX 051628 CCA
CLSMKE

CLIMATE REPORT
NATIONAL WEATHER SERVICE IN MILWAUKEE
1258 PM CST SAT MAR 2 2019

...CORRECTION TO SEASONAL PRECIPITATION TOTAL...

...................................

...THE MILWAUKEE WI CLIMATE SUMMARY FOR THE SEASON, FROM
12/1/2018 TO 2/28/2019...

CLIMATE NORMAL PERIOD 1981 TO 2010
CLIMATE RECORD PERIOD 1871 TO 2019

WEATHER         OBSERVED          NORMAL  DEPART  LAST YEAR`S
                 VALUE   DATE(S)  VALUE   FROM    VALUE  DATE(S)
                                          NORMAL
................................................................
TEMPERATURE (F)
RECORD
 HIGH              71   02/22/2017
 LOW              -26   02/03/1996
                        01/17/1982
HIGHEST            56   01/05        55       1       64  12/04
LOWEST            -23   01/31       -13     -10       -7  01/01
AVG. MAXIMUM     32.5              31.4     1.1     32.9
AVG. MINIMUM     19.2              18.3     0.9     18.7
MEAN             25.8              24.9     0.9     25.8
DAYS MAX >= 90      0               0.0     0.0        0
DAYS MAX <= 32     42              44.0    -2.0       41
DAYS MIN <= 32     83              80.7     2.3       77
DAYS MIN <= 0       7               6.8     0.2       11

PRECIPITATION (INCHES)
RECORD
 MAXIMUM        11.13   1876
 MINIMUM         1.53   2003
TOTALS           7.97              5.45    2.52     5.28
DAILY AVG.       0.09              0.06    0.03     0.06
DAYS >= .01        33              32.0     1.0       33
DAYS >= .10        16              14.2     1.8       13
DAYS >= .50         5               2.8     2.2        3
DAYS >= 1.00        1               0.7     0.3        0
GREATEST
 24 HR. TOTAL    1.02   12/01 TO 12/01              0.94

SNOWFALL (INCHES)
RECORDS
 TOTAL           89.8   1886
TOTALS           40.4              35.1     5.3     32.5
SINCE 7/1        47.0              37.8     9.2     32.7
SNOWDEPTH AVG.      3                 4      -1        1
DAYS >= 1.0         9              10.3    -1.3       11
GREATEST
 SNOW DEPTH        12   02/02                          9  02/12
                        02/01
                        01/31
                        01/30
                        01/29
                        01/28
 24 HR TOTAL      8.3   02/12 TO 02/12               5.3

DEGREE_DAYS
HEATING TOTAL    3499              3615    -116     3507
 SINCE 7/1       4929              4980      51        M
COOLING TOTAL       0                 0       0        0
 SINCE 1/1          0                 0       0        0

FREEZE DATES
RECORD
 EARLIEST     09/20/1956
 LATEST       05/27/1961
EARLIEST                        10/17
LATEST                          04/27
.................................................................

WIND (MPH)
AVERAGE WIND SPEED              10.2
RESULTANT WIND SPEED/DIRECTION   3/281
HIGHEST WIND SPEED/DIRECTION    37/270    DATE  02/24
HIGHEST GUST SPEED/DIRECTION    63/300    DATE  02/24

SKY COVER
AVERAGE SKY COVER           0.70
NUMBER OF DAYS FAIR           10
NUMBER OF DAYS PC             35
NUMBER OF DAYS CLOUDY         45

AVERAGE RH (PERCENT)     70

-  INDICATES NEGATIVE NUMBERS.
R  INDICATES RECORD WAS SET OR TIED.
MM INDICATES DATA IS MISSING.
T  INDICATES TRACE AMOUNT.

$$
