000
CXUS53 KEAX 011404
CLSOJC

CLIMATE REPORT
NATIONAL WEATHER SERVICE KANSAS CITY/PLEASANT HILL MO
853 AM CDT SAT JUN 1 2019

...................................

...THE JOHNSON COUNTY EXECUTIVE CLIMATE SUMMARY FOR THE SEASON, FROM
3/1/2019 TO 5/31/2019...

CLIMATE NORMAL PERIOD 1981 TO 2010
CLIMATE RECORD PERIOD 9999 TO 9999

WEATHER         OBSERVED          NORMAL  DEPART  LAST YEAR`S
                 VALUE   DATE(S)  VALUE   FROM    VALUE  DATE(S)
                                          NORMAL
................................................................
TEMPERATURE (F)
HIGHEST            87   05/16        87       0       91  05/28
LOWEST             -1R  03/04        16     -17       17  04/04
AVG. MAXIMUM     62.8              65.0    -2.2     65.2
AVG. MINIMUM     43.7              44.8    -1.1     44.2
MEAN             53.2              54.9    -1.7     54.7
DAYS MAX >= 90      0               0.4    -0.4        4
DAYS MAX <= 32      4               0.8     3.2        1
DAYS MIN <= 32     17              15.4     1.6       26
DAYS MIN <= 0       1               0.1     0.9        0

PRECIPITATION (INCHES)
TOTALS          18.08             12.05    6.03     8.03
DAILY AVG.       0.20              0.13    0.07     0.09
DAYS >= .01        33              30.5     2.5       26
DAYS >= .10        23              20.0     3.0       14
DAYS >= .50        12               8.0     4.0        4
DAYS >= 1.00        6               3.1     2.9        3
GREATEST
 24 HR. TOTAL    2.73   MM

DEGREE_DAYS
HEATING TOTAL    1148              1033     115     1175
COOLING TOTAL      85               103     -18      252
.................................................................

WIND (MPH)
AVERAGE WIND SPEED              9.3
HIGHEST WIND SPEED/DIRECTION    35/170    DATE  03/13
HIGHEST GUST SPEED/DIRECTION    49/210    DATE  03/14

SKY COVER
POSSIBLE SUNSHINE (PERCENT)   MM
AVERAGE SKY COVER           0.50
NUMBER OF DAYS FAIR           41
NUMBER OF DAYS PC             28
NUMBER OF DAYS CLOUDY         23

AVERAGE RH (PERCENT)     69

-  INDICATES NEGATIVE NUMBERS.
R  INDICATES RECORD WAS SET OR TIED.
MM INDICATES DATA IS MISSING.
T  INDICATES TRACE AMOUNT.

$$
