000
CXUS53 KDDC 011749
CLSP28


CLIMATE REPORT
NATIONAL WEATHER SERVICE DODGE CITY KS
1141 AM CST FRI MAR 1 2019

...................................

...THE MEDICINE LODGE KS CLIMATE SUMMARY FOR THE SEASON, FROM
12/1/2018 TO 2/28/2019...

CLIMATE NORMAL PERIOD 1981 TO 2010
CLIMATE RECORD PERIOD 1893 TO 2019

WEATHER         OBSERVED          NORMAL  DEPART  LAST YEAR`S
                 VALUE   DATE(S)  VALUE   FROM    VALUE  DATE(S)
                                          NORMAL
................................................................
TEMPERATURE (F)
RECORD
 HIGH              91   02/23/1904
 LOW              -22   02/13/1905
HIGHEST            70   02/03        MM      MM       83  01/20
LOWEST              6   02/08        MM      MM       -4  01/01
AVG. MAXIMUM     45.6              47.3    -1.7     49.1
AVG. MINIMUM     23.9              23.4     0.5     21.5
MEAN             34.7              35.3    -0.6     35.3
DAYS MAX >= 90      0               0.0     0.0        0
DAYS MAX <= 32     16              12.2     3.8       14
DAYS MIN <= 32     79              76.1     2.9       75
DAYS MIN <= 0       0               0.2    -0.2        3

PRECIPITATION (INCHES)
RECORD
 MAXIMUM         8.23   2012
 MINIMUM         0.03   1904
TOTALS           4.55              2.67    1.88     0.38
DAILY AVG.       0.05              0.03    0.02     0.00
DAYS >= .01        17              14.1     2.9        6
DAYS >= .10         6               6.5    -0.5        1
DAYS >= .50         3               1.8     1.2        0
DAYS >= 1.00        1               0.3     0.7        0
GREATEST
 24 HR. TOTAL    2.41   12/26 TO 12/26           02/21 TO 02/21

SNOWFALL (INCHES)
RECORDS
 TOTAL           28.7   2003
 24 HR TOTAL     14.0   02/21/1971 TO 02/21/1971
 SNOW DEPTH        14   02/22/1971
                        02/21/1971
TOTALS            6.0               8.2    -2.2        T
 LIQUID EQUIV    0.60              0.80   -0.20       MM
SINCE 7/1         7.3               8.4    -1.1        T
 LIQUID 7/1      0.73              0.80   -0.07       MM
SNOWDEPTH AVG.      0                MM      MM        0
DAYS >= TRACE       8               3.9     4.1        5
DAYS >= 1.0         1               2.4    -1.4        0
GREATEST
 SNOW DEPTH         6   02/20                          0  MM
 24 HR TOTAL      6.0   02/19 TO 02/19           02/23 TO 02/23

DEGREE_DAYS
HEATING TOTAL    2696              2670      26     2625
 SINCE 7/1       3729              3529     200     3385
COOLING TOTAL       0                 0       0        0
 SINCE 1/1          0                 0       0        0

.................................................................

WIND (MPH)
AVERAGE WIND SPEED              9.5
RESULTANT WIND SPEED/DIRECTION   3/011
HIGHEST WIND SPEED/DIRECTION    38/360    DATE  01/18
HIGHEST GUST SPEED/DIRECTION    59/290    DATE  12/01

AVERAGE RH (PERCENT)     69


-  INDICATES NEGATIVE NUMBERS.
R  INDICATES RECORD WAS SET OR TIED.
MM INDICATES DATA IS MISSING.
T  INDICATES TRACE AMOUNT.

$$
