000
CXUS54 KLZK 080406
CLSPBF


CLIMATE REPORT
NATIONAL WEATHER SERVICE LITTLE ROCK AR
1102 PM CDT FRI JUN 7 2019

...................................

...THE PINE BLUFF CLIMATE SUMMARY FOR THE SEASON, FROM
3/1/2019 TO 5/31/2019...

CLIMATE NORMAL PERIOD 1981 TO 2010
CLIMATE RECORD PERIOD 1883 TO 2019

WEATHER         OBSERVED          NORMAL  DEPART  LAST YEAR`S
                 VALUE   DATE(S)  VALUE   FROM    VALUE  DATE(S)
                                          NORMAL
................................................................
TEMPERATURE (F)
RECORD
 HIGH             100   05/29/1926
 LOW               11   03/09/1932
HIGHEST            90   05/26        73      17       93  05/30
                        05/24
                        05/25
LOWEST             22   03/04        52     -30       30  04/08
AVG. MAXIMUM     72.4              73.6    -1.2     74.8
AVG. MINIMUM     52.3              52.3     0.0     53.1
MEAN             62.4              63.0    -0.6     64.0
DAYS MAX >= 90      3               3.2    -0.2        8
DAYS MAX <= 32      1               0.0     1.0        0
DAYS MIN <= 32      5               2.8     2.2        3
DAYS MIN <= 0       0               0.0     0.0        0

PRECIPITATION (INCHES)
RECORD
 MAXIMUM        34.46   1905
 MINIMUM         4.79   1925
TOTALS          19.60             15.38    4.22    16.20
DAILY AVG.       0.22              0.17    0.05     0.18
DAYS >= .01        32              31.0     1.0       30
DAYS >= .10        23                                 17
DAYS >= .50        14                                 10
DAYS >= 1.00        9               5.0     4.0        9
GREATEST
 24 HR. TOTAL    2.98   04/13 TO 04/14
 STORM TOTAL       MM
 (MM/DD(HH))            MM

SNOWFALL (INCHES)
RECORDS
 TOTAL           14.0   1892
 24 HR TOTAL     14.0   03/17/1892 TO 03/17/1892
 SNOW DEPTH        14   03/17/1892
TOTALS            0.0               0.0     0.0        T
 LIQUID EQUIV    0.00              0.00    0.00        T
SINCE 7/1         1.0               3.1    -2.1      4.1
 LIQUID 7/1      0.10              0.30   -0.20     0.41
SNOWDEPTH AVG.      0                 0       0        0
DAYS >= TRACE       0               0.0     0.0        1
DAYS >= 1.0         0               0.0     0.0        0
GREATEST
 SNOW DEPTH         0   MM                             0  MM
 24 HR TOTAL      0.0   MM

DEGREE_DAYS
HEATING TOTAL     534               493      41      486
 SINCE 7/1       2873              2881      -8     2900
COOLING TOTAL     310               304       6      420
 SINCE 1/1        316               307       9      436

FREEZE DATES
RECORD
 EARLIEST     10/10/2000
 LATEST       04/25/1910
EARLIEST                        11/12
LATEST                          03/16
.................................................................

WIND (MPH)
AVERAGE WIND SPEED              7.8
HIGHEST WIND SPEED/DIRECTION    36/170    DATE  05/08
HIGHEST GUST SPEED/DIRECTION    52/330    DATE  05/18

SKY COVER
POSSIBLE SUNSHINE (PERCENT)   MM
AVERAGE SKY COVER           0.30
NUMBER OF DAYS FAIR           52
NUMBER OF DAYS PC             26
NUMBER OF DAYS CLOUDY         14

AVERAGE RH (PERCENT)     68

-  INDICATES NEGATIVE NUMBERS.
R  INDICATES RECORD WAS SET OR TIED.
MM INDICATES DATA IS MISSING.
T  INDICATES TRACE AMOUNT.

&&

...Data for Pine Bluff for Spring 2019...

.Summary...
Spring 2019 was a little cooler than average. This was the 7th consecutive
Spring with above average rainfall. There were 32 days with measurable
rainfall, which was the most in four years. For the first time in two
years, absolutely no snow fell.

.Temperatures...
The average high temperature was the coolest since 2015. The average low
temperature was the coolest since 2014. The average seasonal temperature
was the coolest since 2014.

.Rainfall...
It was the wettest Spring since 2016.

.Snowfall...
Absolutely no snow fell, which marked the first snowless Spring for Pine
Bluff in two years.

$$

57
