000
CXUS51 KPBZ 011449
CLSPHD


CLIMATE REPORT
NATIONAL WEATHER SERVICE PITTSBURGH PA
949 AM EST FRI MAR 1 2019

...................................

...THE NEW PHILADELPHIA OH CLIMATE SUMMARY FOR THE SEASON, FROM
12/1/2018 TO 2/28/2019...

CLIMATE NORMAL PERIOD 1981 TO 2010
CLIMATE RECORD PERIOD 1948 TO 2019

WEATHER         OBSERVED          NORMAL  DEPART  LAST YEAR`S
                 VALUE   DATE(S)  VALUE   FROM    VALUE  DATE(S)
                                          NORMAL
................................................................
TEMPERATURE (F)
RECORD
 HIGH              78   MM
 LOW              -18   01/28/2014
HIGHEST            64   12/02        MM      MM       78  02/20
LOWEST             -6   01/31        MM      MM      -10  01/01
                        01/22
AVG. MAXIMUM     40.9              39.7     1.2     39.8
AVG. MINIMUM     24.3              22.5     1.8     21.6
MEAN             32.6              31.1     1.5     30.7
DAYS MAX >= 90      0               0.0     0.0        0
DAYS MAX <= 32     19              23.7    -4.7       30
DAYS MIN <= 32     69              73.4    -4.4       71
DAYS MIN <= 0       4               2.2     1.8       10

PRECIPITATION (INCHES)
RECORD
 MAXIMUM           MM   MM
 MINIMUM           MM   MM
TOTALS           8.92              7.63    1.29     8.90
DAILY AVG.       0.10              0.08    0.02     0.10
DAYS >= .01        37                MM      MM       34
DAYS >= .10        17                MM      MM       18
DAYS >= .50         7                MM      MM        7
DAYS >= 1.00        2                MM      MM        1
GREATEST
 24 HR. TOTAL    1.13

DEGREE_DAYS
HEATING TOTAL    2832              3049    -217     3088
 SINCE 7/1       4066              4207    -141     4090
COOLING TOTAL       0                 0       0        5
 SINCE 1/1          0                 0       0        5
.................................................................

WIND (MPH)
AVERAGE WIND SPEED              5.8
HIGHEST WIND SPEED/DIRECTION    44/330    DATE  01/20
HIGHEST GUST SPEED/DIRECTION    47/230    DATE  01/08

AVERAGE RH (PERCENT)     74

WEATHER CONDITIONS. NUMBER OF DAYS WITH
THUNDERSTORM              0     MIXED PRECIP               0
HEAVY RAIN                8     RAIN                      13
LIGHT RAIN               34     FREEZING RAIN              1
LT FREEZING RAIN          5     HAIL                       0
HEAVY SNOW                2     SNOW                       7
LIGHT SNOW               27     SLEET                      0
FOG                      59     FOG W/VIS <= 1/4 MILE      6
HAZE                     25

-  INDICATES NEGATIVE NUMBERS.
R  INDICATES RECORD WAS SET OR TIED.
MM INDICATES DATA IS MISSING.
T  INDICATES TRACE AMOUNT.

$$
