000
CXUS53 KILX 012100 CCA
CLSPIA

CLIMATE REPORT
NATIONAL WEATHER SERVICE LINCOLN IL
1037 AM CST FRI MAR 1 2019

...................................

...THE PEORIA IL CLIMATE SUMMARY FOR THE WINTER SEASON, FROM
12/1/2018 TO 2/28/2019...

CLIMATE NORMAL PERIOD 1981 TO 2010
CLIMATE RECORD PERIOD 1883 TO 2019

WEATHER         OBSERVED          NORMAL  DEPART  LAST YEAR`S
                 VALUE   DATE(S)  VALUE   FROM    VALUE
                                          NORMAL
.............................................................
TEMPERATURE (F)
RECORD
 HIGH              74   02/20/2017
                        02/10/1932
                        02/10/1932
 LOW              -27   01/05/1884
HIGHEST            61   01/07        MM      MM       67
LOWEST            -20   01/30        MM      MM      -16
AVG. MAXIMUM     36.0              35.5     0.5     36.5
AVG. MINIMUM     19.6              19.7    -0.1     18.2
MEAN             27.8              27.6     0.2     27.4
DAYS MAX >= 90      0               0.0     0.0        0
DAYS MAX <= 32     32              33.3    -1.3       33
DAYS MIN <= 32     81              77.2     3.8       73
DAYS MIN <= 0       8               7.2     0.8       15

PRECIPITATION (INCHES)
RECORD
 MAXIMUM        13.18   1950
 MINIMUM         1.37   1963
TOTALS           8.84              5.99    2.85     7.22
DAILY AVG.       0.10                               0.09
DAYS >= .01        35              27.7     7.3       29
DAYS >= .10        19              13.4     5.6       14
DAYS >= .50         7               3.5     3.5        3
DAYS >= 1.00        2               1.2     0.8        3
GREATEST
 24 HR. TOTAL    1.27   01/23 TO 01/23              1.66

SNOWFALL (INCHES)
RECORDS
 TOTAL           52.5   2011
 24 HR TOTAL     18.0   02/27/1900 TO 02/28/1900
TOTALS           20.8              20.2     0.6     20.3
SINCE 7/1        30.6              21.3     9.3     20.3
DAYS >= TRACE      29              16.0    13.0       31
DAYS >= 1.0         5               6.3    -1.3        7
GREATEST
 SNOW DEPTH        11   01/13                          6
 24 HR TOTAL     10.7   01/12 TO 01/12               4.2

DEGREE_DAYS
HEATING TOTAL    3326              3368     -42     3373
 SINCE 7/1         MM              4516      MM       MM
COOLING TOTAL       0                 0       0        0
 SINCE 1/1          0                 0       0        0

FREEZE DATES
RECORD
 EARLIEST     09/20/1991
 LATEST       05/25/1925
EARLIEST                        10/14
LATEST                          04/19
..............................................................

WIND (MPH)
AVERAGE WIND SPEED              8.5
HIGHEST WIND SPEED/DIRECTION    35/280    DATE  02/24
HIGHEST GUST SPEED/DIRECTION    54/300    DATE  02/24

SKY COVER
POSSIBLE SUNSHINE (PERCENT)   MM
AVERAGE SKY COVER           0.50
NUMBER OF DAYS FAIR           34
NUMBER OF DAYS PC             23
NUMBER OF DAYS CLOUDY         33

AVERAGE RH (PERCENT)     77

WEATHER CONDITIONS. NUMBER OF DAYS WITH
THUNDERSTORM              4     MIXED PRECIP               0
HEAVY RAIN                5     RAIN                      11
LIGHT RAIN               24     FREEZING RAIN              2
LT FREEZING RAIN         13     HAIL                       0
HEAVY SNOW                0     SNOW                       4
LIGHT SNOW               29     SLEET                      0
FOG                      60     FOG W/VIS <= 1/4 MILE      6
HAZE                     26

-  INDICATES NEGATIVE NUMBERS.
R  INDICATES RECORD WAS SET OR TIED.
MM INDICATES DATA IS MISSING.
T  INDICATES TRACE AMOUNT.

&&

PEORIA HAD 5TH WETTEST WINTER SEASON WITH 8.84 INCHES OF PRECIPITATION.
PEORIA HAD 5TH SNOWIEST JANUARY ON RECORD WITH 17.9 INCHES OF SNOW.


$$
