000
CXUS51 KPBZ 011449
CLSPIT


CLIMATE REPORT
NATIONAL WEATHER SERVICE PITTSBURGH PA
949 AM EST FRI MAR 1 2019

...................................

...THE PITTSBURGH PA CLIMATE SUMMARY FOR THE SEASON, FROM
12/1/2018 TO 2/28/2019...

CLIMATE NORMAL PERIOD 1981 TO 2010
CLIMATE RECORD PERIOD 1871 TO 2019

WEATHER         OBSERVED          NORMAL  DEPART  LAST YEAR`S
                 VALUE   DATE(S)  VALUE   FROM    VALUE  DATE(S)
                                          NORMAL
................................................................
TEMPERATURE (F)
RECORD
 HIGH              78   02/20/2018
 LOW              -22   01/19/1994
HIGHEST            63   12/02        66      -3       78  02/20
LOWEST             -5   01/31        -3      -2       -6  01/07
                        01/30
AVG. MAXIMUM     39.8              38.1     1.7     40.0
AVG. MINIMUM     24.5              23.1     1.4     23.3
MEAN             32.1              30.6     1.5     31.6
DAYS MAX >= 90      0               0.0     0.0        0
DAYS MAX <= 32     23              28.3    -5.3       30
DAYS MIN <= 32     73              71.9     1.1       65
DAYS MIN <= 0       4               2.3     1.7        8

PRECIPITATION (INCHES)
RECORD
 MAXIMUM        14.16   1891
 MINIMUM         4.13   1872
TOTALS          12.23              7.94    4.29
DAILY AVG.       0.14              0.09    0.05     0.15
DAYS >= .01        50              44.9     5.1       49
DAYS >= .10        24              19.2     4.8       27
DAYS >= .50        10               4.7     5.3        6
DAYS >= 1.00        2               0.7     1.3        2
GREATEST
 24 HR. TOTAL    1.08

SNOWFALL (INCHES)
RECORDS
 TOTAL           76.9   2010
TOTALS           27.8              30.0    -2.2     40.2
SINCE 7/1        31.4              32.8    -1.4     40.2
SNOWDEPTH AVG.      0                                  1
DAYS >= TRACE      43              28.2    14.8       43
DAYS >= 1.0        12               9.4     2.6       16
GREATEST
 24 HR TOTAL      4.2   MM                           5.0

DEGREE_DAYS
HEATING TOTAL    2944              3094    -150     3005
 SINCE 7/1         MM              4257      MM       MM
COOLING TOTAL       0                 0       0        4
 SINCE 1/1          0                 0       0        4
.................................................................

WIND (MPH)
AVERAGE WIND SPEED              8.2
HIGHEST WIND SPEED/DIRECTION    40/300    DATE  01/08
HIGHEST GUST SPEED/DIRECTION    61/260    DATE  02/24

AVERAGE RH (PERCENT)     76

WEATHER CONDITIONS. NUMBER OF DAYS WITH
THUNDERSTORM              0     MIXED PRECIP               0
HEAVY RAIN                0     RAIN                       9
LIGHT RAIN               41     FREEZING RAIN              0
LT FREEZING RAIN          8     HAIL                       0
HEAVY SNOW                2     SNOW                      13
LIGHT SNOW               40     SLEET                      5
FOG                      59     FOG W/VIS <= 1/4 MILE      5
HAZE                      5

-  INDICATES NEGATIVE NUMBERS.
R  INDICATES RECORD WAS SET OR TIED.
MM INDICATES DATA IS MISSING.
T  INDICATES TRACE AMOUNT.

$$
