000
CXUS51 KRLX 020827 RRC
CLSPKB

CLIMATE REPORT
NATIONAL WEATHER SERVICE CHARLESTON WV
315 AM EST SAT MAR 2 2019

...................................

...THE PARKERSBURG WV CLIMATE SUMMARY FOR THE SEASON, FROM
12/1/2018 TO 2/28/2019...

CLIMATE NORMAL PERIOD 1981 TO 2010
CLIMATE RECORD PERIOD 1926 TO 2019

WEATHER         OBSERVED          NORMAL  DEPART  LAST YEAR`S
                 VALUE   DATE(S)  VALUE   FROM    VALUE
                                          NORMAL
.............................................................
TEMPERATURE (F)
RECORD
 HIGH              79   02/20/2018
                        12/10/1971
                        02/24/2017
 LOW              -27   02/10/1899
HIGHEST            68   02/07                         79
                        12/02
LOWEST             -5   01/31                         -8
AVG. MAXIMUM     45.0              42.3     2.7     43.7
AVG. MINIMUM     27.6              25.3     2.3     25.1
MEAN             36.3              33.8     2.5     34.4
DAYS MAX >= 90      0               0.0     0.0        0
DAYS MAX <= 32     14              17.9    -3.9       24
DAYS MIN <= 32     61              65.8    -4.8       67
DAYS MIN <= 0       3               1.8     1.2        7

PRECIPITATION (INCHES)
RECORD
 MAXIMUM        15.55   1950
 MINIMUM         3.22   1977
TOTALS          15.87R             8.75    7.12    12.51
DAILY AVG.       0.18              0.10    0.08     0.14
DAYS >= .01        44              39.6     4.4       37
DAYS >= .10        29              20.2     8.8       23
DAYS >= .50        12               5.4     6.6        8
DAYS >= 1.00        4               1.0     3.0        3
GREATEST
 24 HR. TOTAL    2.48   MM

DEGREE_DAYS
HEATING TOTAL    2486              2806    -320     2755
 SINCE 7/1       3558              3790    -232     3655
COOLING TOTAL       0                 0       0        6
 SINCE 1/1          0                 0       0        6
..............................................................

WIND (MPH)
AVERAGE WIND SPEED              6.1
HIGHEST WIND SPEED/DIRECTION    30/250    DATE  02/12
HIGHEST GUST SPEED/DIRECTION    51/290    DATE  01/08

SKY COVER
POSSIBLE SUNSHINE (PERCENT)   MM
AVERAGE SKY COVER           0.60
NUMBER OF DAYS FAIR           29
NUMBER OF DAYS PC             23
NUMBER OF DAYS CLOUDY         38

AVERAGE RH (PERCENT)     70

-  INDICATES NEGATIVE NUMBERS.
R  INDICATES RECORD WAS SET OR TIED.
MM INDICATES DATA IS MISSING.
T  INDICATES TRACE AMOUNT.

$$
