000
CXUS51 KALY 020131
CLSPOU

CLIMATE REPORT
NATIONAL WEATHER SERVICE ALBANY NY
801 PM EST FRI MAR 1 2019

...................................

...THE POUGHKEEPSIE NY CLIMATE SUMMARY FOR THE SEASON, FROM
12/1/2018 TO 2/28/2019...

CLIMATE NORMAL PERIOD 1981 TO 2010
CLIMATE RECORD PERIOD 1931 TO 2019

WEATHER         OBSERVED          NORMAL  DEPART  LAST YEAR`S
                 VALUE   DATE(S)  VALUE   FROM    VALUE  DATE(S)
                                          NORMAL
................................................................
TEMPERATURE (F)
HIGHEST            63   12/21                         76  02/21
LOWEST             -4   01/22                        -14  01/07
AVG. MAXIMUM     39.2              38.3     0.9     38.4
AVG. MINIMUM     22.2              18.5     3.7     19.8
MEAN             30.7              28.4     2.3     29.1
DAYS MAX >= 90      0               0.0     0.0        0
DAYS MAX <= 32     20              23.0    -3.0       29
DAYS MIN <= 32     77              81.7    -4.7       79
DAYS MIN <= 0       3               5.0    -2.0        4

PRECIPITATION (INCHES)
RECORD
 MAXIMUM        13.97   1974
 MINIMUM         2.82   1944
TOTALS          10.02              9.27    0.75     8.92
DAILY AVG.       0.11              0.10    0.01     0.10
DAYS >= .01        35              30.5     4.5       36
DAYS >= .10        21              19.8     1.2       24
DAYS >= .50         7               6.3     0.7        7
DAYS >= 1.00        2               1.5     0.5        0
GREATEST
 24 HR. TOTAL    1.22   01/24 TO 01/24

DEGREE_DAYS
HEATING TOTAL    3062              3293    -231
 SINCE 7/1       4340              4571    -231
COOLING TOTAL       0                 0       0
 SINCE 1/1          0                 0       0

FREEZE DATES
RECORD
 EARLIEST     09/15/1963
 LATEST       05/25/1949
EARLIEST                        10/09
LATEST                          04/29
.................................................................

WIND (MPH)
AVERAGE WIND SPEED              5.3
HIGHEST WIND SPEED/DIRECTION    36/280    DATE  02/25
HIGHEST GUST SPEED/DIRECTION    49/270    DATE  02/25


WEATHER CONDITIONS. NUMBER OF DAYS WITH
THUNDERSTORM              0     MIXED PRECIP               0
HEAVY RAIN                4     RAIN                      14
LIGHT RAIN               23     FREEZING RAIN              3
LT FREEZING RAIN          4     HAIL                       0
HEAVY SNOW                1     SNOW                       5
LIGHT SNOW               32     SLEET                      0
FOG                      38     FOG W/VIS <= 1/4 MILE      6
HAZE                     19

-  INDICATES NEGATIVE NUMBERS.
R  INDICATES RECORD WAS SET OR TIED.
MM INDICATES DATA IS MISSING.
T  INDICATES TRACE AMOUNT.

$$
