000
CXUS51 KALY 020158
CLSPSF

CLIMATE REPORT
NATIONAL WEATHER SERVICE ALBANY NY
801 PM EST FRI MAR 1 2019

...................................

...THE PITTSFIELD MA CLIMATE SUMMARY FOR THE SEASON, FROM
12/1/2018 TO 2/28/2019...

CLIMATE NORMAL PERIOD 1981 TO 2010
CLIMATE RECORD PERIOD 9999 TO 9999

WEATHER         OBSERVED          NORMAL  DEPART  LAST YEAR`S
                 VALUE   DATE(S)  VALUE   FROM    VALUE  DATE(S)
                                          NORMAL
................................................................
TEMPERATURE (F)
HIGHEST            60   02/04                         73  02/21
LOWEST            -11   01/21                        -10  01/07
AVG. MAXIMUM     33.7              31.7     2.0     34.5
AVG. MINIMUM     17.6              15.4     2.2     17.3
MEAN             25.6              23.6     2.0     25.9
DAYS MAX >= 90      0               0.0     0.0        0
DAYS MAX <= 32     45              47.8    -2.8       39
DAYS MIN <= 32     86              85.4     0.6       81
DAYS MIN <= 0       7               8.7    -1.7       12

PRECIPITATION (INCHES)
TOTALS          11.41              8.60    2.81    10.90
DAILY AVG.       0.13              0.10    0.03     0.12
DAYS >= .01        44                                 35
DAYS >= .10        24                                 23
DAYS >= .50         7                                  6
DAYS >= 1.00        2                                  2
GREATEST
 24 HR. TOTAL    2.23   01/24 TO 01/24

DEGREE_DAYS
HEATING TOTAL    3524              3729    -205
 SINCE 7/1       5051              5380    -329
COOLING TOTAL       0                 0       0
 SINCE 1/1          0                 0       0

FREEZE DATES
EARLIEST                        10/04
LATEST                          05/07
.................................................................

WIND (MPH)
AVERAGE WIND SPEED              7.8
HIGHEST WIND SPEED/DIRECTION    46/280    DATE  02/25
HIGHEST GUST SPEED/DIRECTION    65/270    DATE  02/25


WEATHER CONDITIONS. NUMBER OF DAYS WITH
THUNDERSTORM              1     MIXED PRECIP               1
HEAVY RAIN                1     RAIN                       8
LIGHT RAIN               23     FREEZING RAIN              0
LT FREEZING RAIN         11     HAIL                       0
HEAVY SNOW                3     SNOW                      14
LIGHT SNOW               41     SLEET                      0
FOG                      48     FOG W/VIS <= 1/4 MILE      9
HAZE                     40

-  INDICATES NEGATIVE NUMBERS.
R  INDICATES RECORD WAS SET OR TIED.
MM INDICATES DATA IS MISSING.
T  INDICATES TRACE AMOUNT.

$$
