692
CXUS55 KPUB 050435
CLSPUB

CLIMATE REPORT
NATIONAL WEATHER SERVICE PUEBLO
815 PM MST MON MAR 4 2019

...................................

...THE PUEBLO CO CLIMATE SUMMARY FOR THE SEASON, FROM
12/1/2018 TO 2/28/2019...

CLIMATE NORMAL PERIOD 1981 TO 2010
CLIMATE RECORD PERIOD 1888 TO 2019

WEATHER         OBSERVED          NORMAL  DEPART  LAST YEAR`S
                 VALUE   DATE(S)  VALUE   FROM    VALUE  DATE(S)
                                          NORMAL
................................................................
TEMPERATURE (F)
RECORD
 HIGH              82   12/17/1980
 LOW              -31   02/01/1951

HIGHEST            70   02/13                         72  12/03
                                                          01/19
LOWEST             -6   01/02                         -3  01/01
                                                          02/11
AVG. MAXIMUM     50.3              47.8     2.5     51.9
AVG. MINIMUM     16.1              15.2     0.9     15.5

MEAN             33.2              31.5     1.7     33.7

DAYS MAX >= 90      0
DAYS MAX <= 32      7
DAYS MIN <= 32     86
DAYS MIN <= 0       2

PRECIPITATION (INCHES)
RECORD
 MAXIMUM         3.09   1939
 MINIMUM         0.18   1950

TOTALS           0.83              1.03   -0.20     0.82
DAILY AVG.       0.01              0.01    0.00

DAYS >= .01        13
DAYS >= .10         1
DAYS >= .50         0
DAYS >= 1.00        0

GREATEST
 24 HR. TOTAL    0.32   01/11 TO 01/11

SNOWFALL (INCHES)
RECORDS
 MAXIMUM         38.6   1988
 MINIMUM          2.7   1921

TOTALS           10.2              15.8    -5.6     12.3
SINCE 7/1        14.8              21.8    -7.0

SNOWDEPTH AVG.      0

DAYS >= TRACE      19              12.0     7.0
DAYS >= 1.0         5               5.2    -0.2

GREATEST
 SNOW DEPTH         2   02/23                          4
                        02/19
                        01/01
DEGREE_DAYS
HEATING TOTAL    2836              3022    -186     2795
 SINCE 7/1       4080              4303    -223     3816

COOLING TOTAL       0                 0       0        0
 SINCE 1/1          0                 0       0        0
.................................................................

WIND (MPH)
AVERAGE WIND SPEED              8.1
HIGHEST WIND SPEED/DIRECTION    49/350    DATE  02/16
HIGHEST GUST SPEED/DIRECTION    72/340    DATE  02/16

SKY COVER
POSSIBLE SUNSHINE (PERCENT)   MM
AVERAGE SKY COVER           0.20
NUMBER OF DAYS FAIR           70
NUMBER OF DAYS PC             14
NUMBER OF DAYS CLOUDY          6

AVERAGE RH (PERCENT)     55

THUNDERSTORM          1   MIXED PRECIP           0
HEAVY RAIN            0   RAIN                   0
LIGHT RAIN            6   FREEZING RAIN          0
LT FREEZING RAIN      0   HAIL                   0
HEAVY SNOW            1   SNOW                   4
LIGHT SNOW           19   SLEET                  0
FOG                  30   FOG W/VIS <= 1/4 MILE  8
HAZE                 18

-  INDICATES NEGATIVE NUMBERS.
R  INDICATES RECORD WAS SET OR TIED.
MM INDICATES DATA IS MISSING.
T  INDICATES TRACE AMOUNT.

$$
