000
CXUS51 KRNK 020053
CLSRNK


CLIMATE REPORT
NATIONAL WEATHER SERVICE BLACKSBURG VA
705 PM EST FRI MAR 1 2019

...................................

...THE BLACKSBURG VA CLIMATE SUMMARY FOR THE SEASON, FROM
12/1/2018 TO 2/28/2019...

CLIMATE NORMAL PERIOD 1981 TO 2010
CLIMATE RECORD PERIOD 1952 TO 2019

WEATHER         OBSERVED          NORMAL  DEPART  LAST YEAR`S
                 VALUE   DATE(S)  VALUE   FROM    VALUE
                                          NORMAL
.............................................................
TEMPERATURE (F)
RECORD
 HIGH              80   02/22/2018
 LOW              -18   01/21/1985
HIGHEST            70   02/07                         80
LOWEST              2   01/21                         -1
AVG. MAXIMUM     44.6              43.3     1.3     45.8
AVG. MINIMUM     26.5              22.9     3.6     25.0
MEAN             35.5              33.1     2.4     35.4
DAYS MAX >= 90      0               0.0     0.0        0
DAYS MAX <= 32     12              15.4    -3.4       14
DAYS MIN <= 32     63              76.4   -13.4       66
DAYS MIN <= 0       0               1.1    -1.1        1

PRECIPITATION (INCHES)
RECORD
 MAXIMUM        15.42   1993
 MINIMUM         4.32   1980
TOTALS          12.94              8.84    4.10     6.90
DAILY AVG.       0.14              0.10    0.04     0.08
DAYS >= .01        42              31.9    10.1       30
DAYS >= .10        28              19.1     8.9       20
DAYS >= .50         9               5.5     3.5        4
DAYS >= 1.00        3               1.4     1.6        1
GREATEST
 24 HR. TOTAL    1.29                               1.07

SNOWFALL (INCHES)
TOTALS           21.4                                7.4
DAYS >= TRACE      26                                 28
DAYS >= 1.0         5                                  4
GREATEST
 24 HR TOTAL     13.3R                               2.5

DEGREE_DAYS
HEATING TOTAL    2640              2868    -228     2667
COOLING TOTAL       0                 0       0        1
..............................................................

WIND (MPH)
AVERAGE WIND SPEED              4.9
HIGHEST WIND SPEED/DIRECTION    26/300    DATE  02/08
HIGHEST GUST SPEED/DIRECTION    41/310    DATE  01/20

SKY COVER
AVERAGE SKY COVER           0.60

AVERAGE RH (PERCENT)     75

WEATHER CONDITIONS. NUMBER OF DAYS WITH
THUNDERSTORM              0     MIXED PRECIP                 0
HEAVY RAIN                8     RAIN                        27
LIGHT RAIN               42     FREEZING RAIN                1
LIGHT FREEZING RAIN       8     HAIL                         0
HEAVY SNOW                1     SNOW                         6
LIGHT SNOW               25     SLEET                        5
FOG                      39     FOG W/VIS <= 1/4 MILE       12
HAZE                      0

-  INDICATES NEGATIVE NUMBERS.
R  INDICATES RECORD WAS SET OR TIED.
MM INDICATES DATA IS MISSING.
T  INDICATES TRACE AMOUNT.

$$

RAB
