000
CXUS53 KEAX 010737 RRA
CLSSTJ

CLIMATE REPORT
NATIONAL WEATHER SERVICE KANSAS CITY/PLEASANT HILL MO
134 AM CST FRI MAR 1 2019

...................................

...THE ST. JOSEPH MO CLIMATE SUMMARY FOR THE SEASON, FROM
12/1/2018 TO 2/28/2019...

CLIMATE NORMAL PERIOD 1981 TO 2010
CLIMATE RECORD PERIOD 1892 TO 2019

WEATHER         OBSERVED          NORMAL  DEPART  LAST YEAR`S
                 VALUE   DATE(S)  VALUE   FROM    VALUE  DATE(S)
                                          NORMAL
................................................................
TEMPERATURE (F)
RECORD
 HIGH              83   02/24/1930
 LOW              -25   01/12/1974
HIGHEST            62   02/03        65      -3       71  02/27
LOWEST             -9   01/30        -3      -6      -14  01/01
AVG. MAXIMUM     37.2              39.5    -2.3     40.7
AVG. MINIMUM     19.4              19.5    -0.1     18.0
MEAN             28.3              29.5    -1.2     29.4
DAYS MAX >= 90      0               0.0     0.0        0
DAYS MAX <= 32     33              27.6     5.4       28
DAYS MIN <= 32     83              80.7     2.3       76
DAYS MIN <= 0       2               8.6    -6.6        8

PRECIPITATION (INCHES)
RECORD
 MAXIMUM         7.30   1985
 MINIMUM         0.24   2003
TOTALS           5.49              3.01    2.48     1.60
DAILY AVG.       0.06              0.03    0.03     0.02
DAYS >= .01        23              16.2     6.8       13
DAYS >= .10        13               7.2     5.8        6
DAYS >= .50         3               1.9     1.1        0
DAYS >= 1.00        1               0.3     0.7        0
GREATEST
 24 HR. TOTAL    1.27   MM

DEGREE_DAYS
HEATING TOTAL    3267              3197      70     2896
COOLING TOTAL       0                 0       0        0
.................................................................

WIND (MPH)
AVERAGE WIND SPEED              9.2
HIGHEST WIND SPEED/DIRECTION    45/330    DATE  01/28
HIGHEST GUST SPEED/DIRECTION    58/320    DATE  01/28

SKY COVER
POSSIBLE SUNSHINE (PERCENT)   MM
AVERAGE SKY COVER           0.50
NUMBER OF DAYS FAIR           36
NUMBER OF DAYS PC             28
NUMBER OF DAYS CLOUDY         26

AVERAGE RH (PERCENT)     80

-  INDICATES NEGATIVE NUMBERS.
R  INDICATES RECORD WAS SET OR TIED.
MM INDICATES DATA IS MISSING.
T  INDICATES TRACE AMOUNT.

$$
