000
CXUS51 KBGM 011640
CLSSYR


CLIMATE REPORT
NATIONAL WEATHER SERVICE BINGHAMTON NY
1127 AM EST FRI MAR 1 2019

...................................

...THE SYRACUSE NY CLIMATE SUMMARY FOR THE SEASON, FROM
12/1/2018 TO 2/28/2019...

CLIMATE NORMAL PERIOD 1981 TO 2010
CLIMATE RECORD PERIOD 1902 TO 2019

WEATHER         OBSERVED          NORMAL  DEPART  LAST YEAR`S
                 VALUE   DATE(S)  VALUE   FROM    VALUE  DATE(S)
                                          NORMAL
................................................................
TEMPERATURE (F)
RECORD
 HIGH              75   02/21/2018
 LOW              -26   02/18/1979
                        01/26/1966
HIGHEST            65   12/21        34      31       75  02/21
LOWEST             -7   01/21        18     -25      -15  01/01
AVG. MAXIMUM     34.1              34.0     0.1     34.4
AVG. MINIMUM     18.4              18.6    -0.2     17.6
MEAN             26.2              26.3    -0.1     26.0
DAYS MAX >= 90      0               0.0     0.0        0
DAYS MAX <= 32     44              38.6     5.4       39
DAYS MIN <= 32     85              78.6     6.4       81
DAYS MIN <= 0       6               6.7    -0.7       11

PRECIPITATION (INCHES)
RECORD
 MAXIMUM        12.98   1959
 MINIMUM         4.57   1979
TOTALS           9.37              7.79    1.58     8.41
DAILY AVG.       0.10              0.09    0.01     0.10
DAYS >= .01        54              53.7     0.3       58
DAYS >= .10        23              21.6     1.4       20
DAYS >= .50         4               3.6     0.4        4
DAYS >= 1.00        1               0.8     0.2        1
GREATEST
 24 HR. TOTAL    1.33   02/12 TO 02/13

SNOWFALL (INCHES)
RECORDS
 TOTAL          159.7   2011
 24 HR TOTAL     22.0   01/31/1966 TO 01/31/1966
 SNOW DEPTH        48   02/01/1966
                        02/21/1958
                        02/20/1958
TOTALS           74.9              92.0   -17.1    102.3
SINCE 7/1        97.7             101.9    -4.2    107.5
SNOWDEPTH AVG.      4                 5      -1        5
DAYS >= TRACE      67              47.5    19.5       58
DAYS >= 1.0        21              25.4    -4.4       32
GREATEST
 SNOW DEPTH        18   01/21

DEGREE_DAYS
HEATING TOTAL    3467              3481     -14     3470
 SINCE 7/1       4967              4831     136     4667
COOLING TOTAL       0                 0       0        0
 SINCE 1/1          0                 0       0        0

FREEZE DATES
RECORD
 EARLIEST     09/23/1963
 LATEST       05/24/1963
EARLIEST                        10/14
LATEST                          04/29
.................................................................

WIND (MPH)
AVERAGE WIND SPEED              9.6
RESULTANT WIND SPEED/DIRECTION   3/262
HIGHEST WIND SPEED/DIRECTION    52/260    DATE  01/01
HIGHEST GUST SPEED/DIRECTION    64/260    DATE  01/01

SKY COVER
POSSIBLE SUNSHINE (PERCENT)   MM
AVERAGE SKY COVER           0.90

AVERAGE RH (PERCENT)     76

WEATHER CONDITIONS. NUMBER OF DAYS WITH
THUNDERSTORM              3     MIXED PRECIP                0
HEAVY RAIN                4     RAIN                       11
LIGHT RAIN               28     FREEZING RAIN               3
LT FREEZING RAIN         10     HAIL                        9
HEAVY SNOW                8     SNOW                       13
LIGHT SNOW               67     SLEET                       7
FOG                      60     FOG W/VIS <= 1/4 MILE       5
HAZE                     15

-  INDICATES NEGATIVE NUMBERS.
R  INDICATES RECORD WAS SET OR TIED.
MM INDICATES DATA IS MISSING.
T  INDICATES TRACE AMOUNT.

$$
