000
CXUS51 KCLE 082331
CLSYNG


CLIMATE REPORT
NATIONAL WEATHER SERVICE CLEVELAND OH
627 PM EST SAT DEC 8 2018

...................................

...THE YOUNGSTOWN OH CLIMATE SUMMARY FOR THE SEASON, FROM
9/1/2018 TO 11/30/2018...

CLIMATE NORMAL PERIOD 1981 TO 2010
CLIMATE RECORD PERIOD 1897 TO 2018

WEATHER         OBSERVED          NORMAL  DEPART
                 VALUE   DATE(S)  VALUE   FROM
                                          NORMAL
................................................
TEMPERATURE (F)
RECORD
 HIGH              99   09/05/1954
 LOW                1   11/30/1976
                        11/30/1958
HIGHEST            92   09/05
LOWEST             21   11/22
AVG. MAXIMUM     60.0              60.6    -0.6
AVG. MINIMUM     44.8              42.2     2.6
MEAN             52.4              51.4     1.0
DAYS MAX >= 90      3               0.2
DAYS MAX <= 32      4               1.7
DAYS MIN <= 32     20              16.9
DAYS MIN <= 0       0               0.0

PRECIPITATION (INCHES)
RECORD
 MAXIMUM        15.65   1911
 MINIMUM         3.08   1960
TOTALS          15.85R             9.70    6.15
DAYS >= .01        51              36.2
DAYS >= .10        31              20.9
DAYS >= .50        10               5.9
DAYS >= 1.00        1               1.7

SNOWFALL (INCHES)
RECORDS
 TOTAL           30.6   1950
TOTALS            8.1               4.4
DAYS >= TRACE      16
DAYS >= 1.0         4               1.4

DEGREE_DAYS
HEATING TOTAL    1340              1291      49
COOLING TOTAL     217                58     159
.................................................

WIND (MPH)
HIGHEST GUST SPEED/DIRECTION    52/290    DATE  10/20

SKY COVER
POSSIBLE SUNSHINE (PERCENT)   MM
NUMBER OF DAYS FAIR            2
NUMBER OF DAYS PC             28
NUMBER OF DAYS CLOUDY         61


WEATHER CONDITIONS. NUMBER OF DAYS WITH
THUNDERSTORM              8     MIXED PRECIP               0
HEAVY RAIN                8     RAIN                      20
LIGHT RAIN               54     FREEZING RAIN              0
LT FREEZING RAIN          5     HAIL                       0
HEAVY SNOW                0     SNOW                       8
LIGHT SNOW               16     SLEET                      1
FOG                      60     FOG W/VIS <= 1/4 MILE      6
HAZE                      2

-  INDICATES NEGATIVE NUMBERS.
R  INDICATES RECORD WAS SET OR TIED.
MM INDICATES DATA IS MISSING.
T  INDICATES TRACE AMOUNT.

$$
