000
CXUS51 KCLE 091746
CLSYNG


CLIMATE REPORT
NATIONAL WEATHER SERVICE CLEVELAND OH
143 PM EDT THU MAY 9 2019

...................................

...THE YOUNGSTOWN OH CLIMATE SUMMARY FOR THE SEASON, FROM
12/1/2018 TO 2/28/2019...

CLIMATE NORMAL PERIOD 1981 TO 2010
CLIMATE RECORD PERIOD 1897 TO 2019

WEATHER         OBSERVED          NORMAL  DEPART
                 VALUE   DATE(S)  VALUE   FROM
                                          NORMAL
................................................
TEMPERATURE (F)
RECORD
 HIGH              76   12/03/1982
 LOW              -22   01/19/1994
HIGHEST            63   12/02
LOWEST             -7   01/31
AVG. MAXIMUM     38.7              35.0     3.7
AVG. MINIMUM     23.4              21.3     2.1
MEAN             31.0              28.1     2.9
DAYS MAX >= 90      0               0.0
DAYS MAX <= 32     30              37.0
DAYS MIN <= 32     74              75.1
DAYS MIN <= 0       4               3.6

PRECIPITATION (INCHES)
RECORD
 MAXIMUM        15.88   1950
 MINIMUM         3.84   1922
TOTALS           9.89              7.69    2.20
DAYS >= .01        53              48.6
DAYS >= .10        20              21.1
DAYS >= .50         6               3.4
DAYS >= 1.00        3               0.6

SNOWFALL (INCHES)
RECORDS
 TOTAL          103.7   2011
TOTALS           31.2              44.4
DAYS >= TRACE      51
DAYS >= 1.0         8              14.5

DEGREE_DAYS
HEATING TOTAL    3035              3318    -283
COOLING TOTAL       0                 0       0
.................................................

WIND (MPH)
HIGHEST GUST SPEED/DIRECTION    60/240    DATE  02/24

SKY COVER
POSSIBLE SUNSHINE (PERCENT)   MM
NUMBER OF DAYS FAIR            1
NUMBER OF DAYS PC             18
NUMBER OF DAYS CLOUDY         71


WEATHER CONDITIONS. NUMBER OF DAYS WITH
THUNDERSTORM              1     MIXED PRECIP               0
HEAVY RAIN                3     RAIN                      11
LIGHT RAIN               33     FREEZING RAIN              0
LT FREEZING RAIN         13     HAIL                       1
HEAVY SNOW                2     SNOW                      20
LIGHT SNOW               48     SLEET                      4
FOG                      55     FOG W/VIS <= 1/4 MILE      6
HAZE                      5

-  INDICATES NEGATIVE NUMBERS.
R  INDICATES RECORD WAS SET OR TIED.
MM INDICATES DATA IS MISSING.
T  INDICATES TRACE AMOUNT.

$$
