000
CXUS51 KPBZ 011449
CLSZZV


CLIMATE REPORT
NATIONAL WEATHER SERVICE PITTSBURGH PA
949 AM EST FRI MAR 1 2019

...................................

...THE ZANESVILLE OH CLIMATE SUMMARY FOR THE SEASON, FROM
12/1/2018 TO 2/28/2019...

CLIMATE NORMAL PERIOD 1981 TO 2010
CLIMATE RECORD PERIOD 1895 TO 2019

WEATHER         OBSERVED          NORMAL  DEPART  LAST YEAR`S
                 VALUE   DATE(S)  VALUE   FROM    VALUE  DATE(S)
                                          NORMAL
................................................................
TEMPERATURE (F)
RECORD
 HIGH              78   MM
 LOW              -20   01/29/2014
HIGHEST            66   12/02        MM      MM       78  02/20
LOWEST             -7   01/31        MM      MM       -9  01/03
                                                          01/01
AVG. MAXIMUM     42.2              39.6     2.6     41.1
AVG. MINIMUM     25.6              22.7     2.9     23.2
MEAN             33.9              31.1     2.8     32.1
DAYS MAX >= 90      0               0.0     0.0        0
DAYS MAX <= 32     16              23.4    -7.4       29
DAYS MIN <= 32     68              72.0    -4.0       71
DAYS MIN <= 0       4               3.4     0.6        8

PRECIPITATION (INCHES)
RECORD
 MAXIMUM           MM   MM
 MINIMUM           MM   MM
TOTALS          12.21              7.41    4.80     8.81
DAILY AVG.       0.14              0.08    0.06     0.10
DAYS >= .01        37              37.0     0.0       39
DAYS >= .10        22              17.9     4.1       21
DAYS >= .50        10               4.3     5.7        6
DAYS >= 1.00        2               1.1     0.9        1
GREATEST
 24 HR. TOTAL    1.20

DEGREE_DAYS
HEATING TOTAL    2783              3050    -267     2965
 SINCE 7/1       3943              4191    -248     3949
COOLING TOTAL       0                 0       0        5
 SINCE 1/1          0                 0       0        5
.................................................................

WIND (MPH)
AVERAGE WIND SPEED              7.0
HIGHEST WIND SPEED/DIRECTION    38/270    DATE  02/24
HIGHEST GUST SPEED/DIRECTION    57/260    DATE  02/24

AVERAGE RH (PERCENT)     72

WEATHER CONDITIONS. NUMBER OF DAYS WITH
THUNDERSTORM              0     MIXED PRECIP               0
HEAVY RAIN                9     RAIN                      16
LIGHT RAIN               30     FREEZING RAIN              4
LT FREEZING RAIN          6     HAIL                       0
HEAVY SNOW                2     SNOW                       8
LIGHT SNOW               29     SLEET                      0
FOG                      55     FOG W/VIS <= 1/4 MILE     11
HAZE                     37

-  INDICATES NEGATIVE NUMBERS.
R  INDICATES RECORD WAS SET OR TIED.
MM INDICATES DATA IS MISSING.
T  INDICATES TRACE AMOUNT.

$$
